89.5FM RADIO

Sorry this site have a flash based native radio and needed adobe flash 10+ support.
Download Flash here.

NOAA-Style Climate Reports

Select a Year or Month report
2018: Jan Feb Mar Apr May Jun Jul Aug Sep Oct Nov Dec
2017: Jan Feb Mar Apr May Jun Jul Aug Sep Oct Nov Dec
2016: Jan Feb Mar Apr May Jun Jul Aug Sep Oct Nov Dec
2015: Jan Feb Mar Apr May Jun Jul Aug Sep Oct Nov Dec

Report for 2018 August
                   Monthly Climatological Summary for Aug 2018

Name: Vika   City: Oslo   State: oslo
Elevation: 8 m  Lat: N 59° 32' 03"   Lon: E 010° 41' 26"

                  Temperature (°C), Rain (mm), Wind Speed (m/s)

                                      Heat  Cool        Avg
    Mean                              Deg   Deg         Wind                 Dom
Day Temp  High   Time   Low    Time   Days  Days  Rain  Speed High   Time    Dir
----------------------------------------------------------------------------------
 1  24.1  32.1   15:15  18.8   06:16   0.0   5.8   0.0   0.9   2.0   09:48   SSW
 2  21.9  26.7   16:46  18.4   05:46   0.0   3.6   0.0   0.6   2.0   00:46     S
 3  22.1  26.8   11:17  17.8   04:47   0.0   3.8   0.0   0.5   2.0   17:47   ENE
 4  24.6  31.3   09:17  18.3   05:47   0.0   6.3   0.0   0.5   2.0   13:17   SSW
 5  23.8  32.2   12:47  18.2   23:47   0.0   5.6   0.0   0.5   2.0   17:17   NNE
 6  19.6  25.4   09:47  16.0   06:47   0.6   1.9   0.0   0.8   3.0   17:17    SW
 7  20.5  27.6   11:47  15.5   04:17   0.8   3.2   0.0   0.6   2.0   17:47   NNE
 8  19.7  25.1   16:46  16.9   04:46   0.2   1.6   0.3   0.2   3.0   10:41     N
 9  23.3  30.3   12:46  19.3   23:46   0.0   5.0   0.0   0.9   2.0   19:46   SSE
10  18.0  23.5   12:46  15.7   07:46   0.8   0.5   2.4   1.8   7.0   13:46   WNW
----------------------------------------------------------------------------------
    21.8  32.2     5    15.5     7     2.4  37.3   2.7   0.8   7.0    10      SW

Max >=  27.0:  5
Max <=   0.0:  0
Min <=   0.0:  0
Min <= -18.0:  0
Max Rain: 2.4 on day 10
Days of Rain: 2 (>= 0.2 mm)  1 (>= 2.0 mm)  0 (>= 20.0 mm)
Heat Base: 18.3  Cool Base: 18.3  Method: Integration