89.5FM RADIO

Sorry this site have a flash based native radio and needed adobe flash 10+ support.
Download Flash here.

NOAA-Style Climate Reports

Select a Year or Month report
2018: Jan Feb Mar Apr May Jun Jul Aug Sep Oct Nov Dec
2017: Jan Feb Mar Apr May Jun Jul Aug Sep Oct Nov Dec
2016: Jan Feb Mar Apr May Jun Jul Aug Sep Oct Nov Dec
2015: Jan Feb Mar Apr May Jun Jul Aug Sep Oct Nov Dec

Report for 2018 July
                   Monthly Climatological Summary for Jul 2018

Name: Vika   City: Oslo   State: oslo
Elevation: 8 m  Lat: N 59° 32' 03"   Lon: E 010° 41' 26"

                  Temperature (°C), Rain (mm), Wind Speed (m/s)

                                      Heat  Cool        Avg
    Mean                              Deg   Deg         Wind                 Dom
Day Temp  High   Time   Low    Time   Days  Days  Rain  Speed High   Time    Dir
----------------------------------------------------------------------------------
 1  23.5  32.7   12:12  14.5   05:12   0.4   8.2   0.0   0.1   1.0   11:12   SSW
 2  23.9  36.2   15:42  17.2   05:12   0.1  10.0   0.0   0.4   1.0   00:42   NNE
 3  28.5  37.2   16:42  23.3   23:42   0.0   7.5   0.3   0.1   1.0   16:42     S
 4  26.5  36.1   16:12  19.2   05:42   0.0   8.2   0.0   0.8   2.0   03:42     N
 5  22.8  31.4   12:12  18.1   23:42   0.0   4.5   0.0   0.8   2.0   08:12    NE
 6  25.7  33.5   15:12  17.6   05:42   0.1   7.5   0.0   0.5   2.0   09:42   NNE
 7  24.9  31.8   16:42  18.3   05:42   0.0   6.6   0.0   1.0   2.0   01:42   NNE
 8  25.1  33.8   16:42  17.4   05:12   0.1   6.8   0.0   0.7   3.0   20:12   ESE
 9  20.1  24.3   06:42  16.6   12:42   0.1   1.9   0.0   0.7   3.0   18:12   ENE
10  26.3  34.0   12:12  18.8   02:42   0.0   8.0   0.0   0.7   2.0   10:42   ENE
11  28.7  36.7   11:13  20.9   05:43   0.0  10.4   0.3   0.4   2.0   13:13   NNE
12  24.7  34.7   16:13  19.3   18:13   0.0   6.4   0.9   0.4   3.0   15:13   ENE
13  25.1  35.6   16:13  18.2   05:13   0.0   6.8   0.0   0.4   2.0   11:43     S
14  23.6  33.0   11:43  17.5   23:13   0.1   5.4   0.0   0.8   3.0   14:13     S
15  23.7  34.6   16:13  17.1   02:13   0.2   5.7   0.0   0.6   2.0   19:13    SE
16  24.9  35.8   16:43  18.6   04:43   0.0   6.6   0.0   0.6   2.0   09:13    SW
17  26.9  36.5   15:13  18.8   06:43   0.0   8.6   0.0   0.3   1.0   13:43     S
18  24.0  25.7   13:14  21.5   04:43   0.0   5.7   0.0   0.4   2.0   18:44   SSE
19  26.1  35.1   15:14  19.4   03:44   0.0   7.8   0.0   0.5   2.0   16:44     S
20  24.7  33.6   16:44  18.2   05:14   0.0   6.4   0.0   0.7   2.0   18:44     S
21  23.9  32.3   15:14  17.2   05:14   0.1   5.7   0.0   0.6   2.0   18:14   SSW
22  23.4  33.5   16:14  18.3   05:15   0.0   4.7   0.0   0.9   2.0   19:14     S
23  28.4  31.6   14:44  20.0   00:14   0.8   5.8   0.0   0.5   2.0   13:44   SSW
24  25.6  35.0   12:14  20.6   02:14   0.0   7.3   0.9   0.8   3.0   17:44    SW
25  24.6  33.4   11:45  19.7   05:14   0.0   7.2   0.0   0.9   3.0   15:15   NNW
26  28.1  37.8   15:46  19.4   04:46   0.0   9.7   0.0   0.5   2.0   12:16    NE
27  28.4  41.1   16:16  20.0   05:16   0.8  10.1   0.0   0.3   3.0   20:16    SE
28  27.2  33.7   12:16  22.1   22:16   0.0   9.0   2.4   0.9   3.0   04:34   ENE
29  25.2  31.3   16:16  20.3   23:46   0.0   7.1   0.6   1.5   3.0   04:46    NE
30  23.0  30.6   15:46  17.4   05:16   0.1   4.8   1.5   0.3   2.0   16:46    SW
31  26.1  35.3   11:16  20.1   05:46   0.0   8.0   0.3   0.2   1.0   14:16   WSW
----------------------------------------------------------------------------------
    25.3  41.1    27    14.5     1     2.9 218.4   7.2   0.6   3.0     8       E

Max >=  27.0: 29
Max <=   0.0:  0
Min <=   0.0:  0
Min <= -18.0:  0
Max Rain: 2.4 on day 28
Days of Rain: 8 (>= 0.2 mm)  1 (>= 2.0 mm)  0 (>= 20.0 mm)
Heat Base: 18.3  Cool Base: 18.3  Method: Integration