89.5FM RADIO

Sorry this site have a flash based native radio and needed adobe flash 10+ support.
Download Flash here.

NOAA-Style Climate Reports

Select a Year or Month report
2018: Jan Feb Mar Apr May Jun Jul Aug Sep Oct Nov Dec
2017: Jan Feb Mar Apr May Jun Jul Aug Sep Oct Nov Dec
2016: Jan Feb Mar Apr May Jun Jul Aug Sep Oct Nov Dec
2015: Jan Feb Mar Apr May Jun Jul Aug Sep Oct Nov Dec

Report for 2018 June
                   Monthly Climatological Summary for Jun 2018

Name: Vika   City: Oslo   State: oslo
Elevation: 8 m  Lat: N 59° 32' 03"   Lon: E 010° 41' 26"

                  Temperature (°C), Rain (mm), Wind Speed (m/s)

                                      Heat  Cool        Avg
    Mean                              Deg   Deg         Wind                 Dom
Day Temp  High   Time   Low    Time   Days  Days  Rain  Speed High   Time    Dir
----------------------------------------------------------------------------------
 1  30.1  30.1   00:08  30.1   00:08   0.0  11.8   0.0   0.0   0.0   00:08   ---
 2  26.6  37.8   15:38  18.7   04:38   0.0   9.5   0.0   0.2   1.0   10:38   WSW
 3  27.1  38.4   15:59  19.1   04:38   0.4   9.2   0.0   0.2   1.0   14:08     S
 4  24.1  31.9   16:09  16.4   23:39   0.1   6.6   0.0   0.9   3.0   17:09     E
 5  16.8  26.2   15:36   9.7   05:09   2.4   2.2   0.0   0.9  44.0   14:29   ENE
 6  19.1  29.4   16:40  10.9   04:39   2.3   2.7   0.0   0.6   2.0   00:09   NNW
 7  20.5  31.9   10:41  15.0   05:11   0.6   6.9   0.0   1.1   2.0   12:11     E
 8  28.6  28.6   00:11  28.6   00:11   0.0  10.3   0.0   2.0   2.0   00:11     E
 9  28.6  28.6   00:11  28.6   00:11   0.0  10.3   0.0   2.0   2.0   00:11     E
10  28.6  28.6   00:11  28.6   00:11   0.0  10.3   0.0   2.0   2.0   00:11     E
11  18.6  28.6   00:11  17.0   23:41   0.0   8.7   0.6   1.7   2.0   00:11     E
12  19.7  27.3   12:41  13.7   05:11   1.4   5.0   0.0   0.3   2.0   09:41    NE
13  18.8  25.8   00:11  16.7   10:10   1.2   3.5   0.0   0.6   2.0   20:41    NW
14  20.5  20.5   00:11  20.5   00:11   0.0   2.2   0.0   2.0   2.0   00:11     N
15  20.5  20.5   00:11  20.5   00:11   8.0   1.2   0.0   1.1   2.0   00:11     N
16   0.0   0.0   00:11   0.0   00:11  18.3   0.0   0.0   0.0   0.0   00:11   ---
17  15.8  17.6   17:41   0.0   00:11  11.7   0.0   8.1   0.1   1.0   16:11    NE
18  15.6  17.0   19:41  13.3   03:34   3.9   0.0   0.0   0.2   2.0   01:41    NE
19  15.8  17.4   21:29  14.3   06:11   3.1   0.0   0.0   0.9   2.0   21:29    SW
20   0.0   0.0   00:13   0.0   00:13  18.3   0.0   0.0   0.0   0.0   00:13   ---
21  15.0  18.4   14:13   0.0   00:13  10.7   0.0   0.0   0.3   2.0   13:43     N
22  15.8  22.1   08:43  10.0   05:13   3.2   0.2   0.0   0.5   1.0   14:13    NE
23  18.0  28.3   15:13  12.1   05:13   2.1   3.8   0.0   0.1   2.0   15:43    NE
24  20.8  26.8   14:42  13.2   04:43   1.0   4.4   0.0   0.5   2.0   08:36     N
----------------------------------------------------------------------------------
    19.4  38.4     3     0.0    16    88.7 108.8   8.7   0.8  44.0     5     ENE

Max >=  27.0: 12
Max <=   0.0:  2
Min <=   0.0:  4
Min <= -18.0:  0
Max Rain: 8.1 on day 17
Days of Rain: 2 (>= 0.2 mm)  1 (>= 2.0 mm)  0 (>= 20.0 mm)
Heat Base: 18.3  Cool Base: 18.3  Method: Integration