89.5FM RADIO

Sorry this site have a flash based native radio and needed adobe flash 10+ support.
Download Flash here.

NOAA-Style Climate Reports

Select a Year or Month report
2018: Jan Feb Mar Apr May Jun Jul Aug Sep Oct Nov Dec
2017: Jan Feb Mar Apr May Jun Jul Aug Sep Oct Nov Dec
2016: Jan Feb Mar Apr May Jun Jul Aug Sep Oct Nov Dec
2015: Jan Feb Mar Apr May Jun Jul Aug Sep Oct Nov Dec

Report for 2018 May
                   Monthly Climatological Summary for May 2018

Name: Vika   City: Oslo   State: oslo
Elevation: 8 m  Lat: N 59° 32' 03"   Lon: E 010° 41' 26"

                  Temperature (°C), Rain (mm), Wind Speed (m/s)

                                      Heat  Cool        Avg
    Mean                              Deg   Deg         Wind                 Dom
Day Temp  High   Time   Low    Time   Days  Days  Rain  Speed High   Time    Dir
----------------------------------------------------------------------------------
 1   6.3   8.3   00:04   4.5   05:34  12.0   0.0   0.6   1.0   5.0   11:16     N
 2  10.9  15.4   15:04   7.3   00:04   8.5   0.0   0.0   1.3   4.0   15:34   WNW
 3   9.4  12.7   10:18   8.2   16:04   9.0   0.0   0.9   1.0   5.0   10:33    NE
 4  14.0  18.4   16:34   8.2   00:04   7.4   0.0   0.0   0.7   3.0   20:34    SW
 5  13.3  23.7   16:34   8.9   05:34   4.2   0.2   0.0   0.9   2.0   01:04     S
 6  15.6  22.7   16:37   9.5   06:04   3.7   1.0   0.0   0.9   3.0   16:37    NE
 7  16.1  25.0   15:07   9.0   05:07   3.6   1.4   0.0   0.7   2.0   16:37    SE
 8  15.3  25.5   16:07  10.9   04:37   2.8   1.6   0.0   0.3   2.0   17:37   SSW
 9  19.0  29.4   15:36  10.7   05:37   2.0   5.5   0.0   0.5   2.0   10:12   WSW
10  20.8  28.0   00:06  14.6   06:06   0.6   4.5   4.8   1.5   5.0   11:24   ENE
11  16.5  25.9   16:06  14.0   23:36   1.7   2.1   0.6   0.4   1.0   15:06   NNW
12  15.7  22.3   16:36  12.2   05:36   3.0   0.5   0.0   0.4   2.0   11:36     E
13  18.5  27.8   15:36  10.9   02:36   2.2   2.8   0.0   0.1   2.0   11:36     E
14  24.1  34.0   16:36  14.9   05:06   0.4   5.6   0.6   0.3   1.0   11:36    SE
15  22.6  33.7   16:06  13.5   05:36   0.7   5.4   0.0   0.2   2.0   16:36   NNE
16  25.5  35.4   16:06  15.2   23:36   0.2   6.0   0.0   0.7   3.0   20:35   ESE
17  15.4  16.9   11:15  11.5   07:36   9.8   0.0   0.0   1.1   2.0   11:15     E
18  19.7  27.1   15:36   0.0   00:06   5.4   2.5   0.0   0.3   2.0   07:06   WSW
19  18.0  29.0   15:36  10.9   05:06   2.7   3.4   0.3   0.1   1.0   11:36    SW
24  17.6  26.5   12:49   0.9   17:08   9.3   1.8   0.0   0.1   2.0   12:44    SW
25  21.8  33.1   12:38  15.0   05:39   0.5   7.3   0.0   0.4   1.0   06:09     S
26  29.1  33.9   15:38  22.5   23:38   0.0  11.7   2.4   0.9   2.0   12:38   ESE
27  20.7  26.7   07:08  18.4   03:38   0.0   3.5   0.0   0.7   1.0   04:38    NE
28  22.3  30.2   09:08  16.9   22:08   0.2   4.2   0.3   0.5   2.0   15:38     N
29  21.9  33.0   16:38  16.4   04:08   0.3   5.3   0.0   0.1   1.0   14:08   NNW
30  26.2  34.8   12:08  19.5   04:08   0.4   9.6   0.0   0.3   2.0   11:38   NNE
31  30.1  30.1   00:08  30.1   00:08   0.0  11.8   0.0   0.0   0.0   00:08   ---
----------------------------------------------------------------------------------
    18.8  35.4    16     0.0    18    90.6  97.7  10.5   0.6   5.0     1     ENE

Max >=  27.0: 14
Max <=   0.0:  0
Min <=   0.0:  1
Min <= -18.0:  0
Max Rain: 4.8 on day 10
Days of Rain: 8 (>= 0.2 mm)  2 (>= 2.0 mm)  0 (>= 20.0 mm)
Heat Base: 18.3  Cool Base: 18.3  Method: Integration