89.5FM RADIO

Sorry this site have a flash based native radio and needed adobe flash 10+ support.
Download Flash here.

NOAA-Style Climate Reports

Select a Year or Month report
2018: Jan Feb Mar Apr May Jun Jul Aug Sep Oct Nov Dec
2017: Jan Feb Mar Apr May Jun Jul Aug Sep Oct Nov Dec
2016: Jan Feb Mar Apr May Jun Jul Aug Sep Oct Nov Dec
2015: Jan Feb Mar Apr May Jun Jul Aug Sep Oct Nov Dec

Report for 2018 April
                   Monthly Climatological Summary for Apr 2018

Name: Vika   City: Oslo   State: oslo
Elevation: 8 m  Lat: N 59° 32' 03"   Lon: E 010° 41' 26"

                  Temperature (°C), Rain (mm), Wind Speed (m/s)

                                      Heat  Cool        Avg
    Mean                              Deg   Deg         Wind                 Dom
Day Temp  High   Time   Low    Time   Days  Days  Rain  Speed High   Time    Dir
----------------------------------------------------------------------------------
 1   1.7  12.2   15:57  -4.7   07:07  19.6   0.0   0.0   0.0   2.0   15:12    SW
 2   7.9  21.9   04:11   0.0   00:11  15.1   0.6   0.0   0.9   3.0   13:08    SW
 3   2.0   6.1   15:26  -2.7   06:57  16.4   0.0   0.0   1.0   4.0   17:26    NE
 4   3.7   5.9   14:26   1.3   00:26  14.6   0.0   3.3   0.9   2.0   21:56    NE
 5   4.8   6.7   15:56   3.2   22:26  13.6   0.0   0.6   0.4   2.0   05:26    NE
 6   8.0  18.0   15:26   1.9   01:56  10.4   0.0   0.0   0.7   2.0   08:56   NNE
 7   5.4   7.7   18:26   2.6   05:57  13.1   0.0   0.0   0.4   2.0   14:26   NNW
 8   6.7   8.3   13:26   3.7   08:57  12.7   0.0   0.0   0.3   3.0   12:56    NE
 9   5.1   5.9   10:26   3.5   23:57  13.2   0.0   0.9   0.6   2.0   17:56    NE
10   7.5  14.6   15:27   3.1   03:57  10.6   0.0   0.0   1.0   4.0   14:27   NNE
11   8.7  16.5   16:26   1.3   06:27  10.5   0.0   0.0   1.3  11.0   00:57     E
12   9.8  20.1   15:56   1.8   06:26   8.5   0.1   0.0   0.9   3.0   12:56    NE
13  11.6  20.0   15:56   4.8   06:56   6.7   0.1   0.0   0.8   3.0   15:56   NNE
14  14.4  23.3   16:55   7.5   05:26   4.6   0.7   0.0   0.6   2.0   15:25    NE
15  14.3  22.9   15:55   6.0   06:25   4.8   0.8   0.0   0.9   4.0   12:55    NE
16   9.4  11.9   14:25   7.8   05:25   8.9   0.0   0.0   0.1   1.0   01:55    SW
17   9.6  18.5   15:39   1.1   15:33   8.6   0.0   0.0   0.8   2.0   15:49     E
18  15.0  20.8   15:03   8.0   09:41   5.6   0.1   0.3   1.1   2.0   00:02     E
19  12.1  19.5   13:03   7.4   06:33   6.1   0.1   0.0   0.7   2.0   18:33   WSW
20   9.3  12.2   17:03   7.6   09:03   9.0   0.0   0.0   0.4   2.0   01:03   NNE
21  14.1  23.1   15:33   6.7   06:33   4.9   0.9   0.0   0.8   3.0   11:26     N
22  12.2  21.5   16:34   5.5   06:33   5.7   0.3   0.0   0.7   2.0   11:34    NW
23   9.2  12.0   16:34   7.8   04:34   9.2   0.0   0.3   0.6   2.0   20:34     N
24   9.7  13.9   14:34   6.0   06:04   8.4   0.0   0.0   0.9   3.0   14:34   NNW
25  11.5  20.0   16:34   4.7   06:04   5.8   0.4   0.0   0.5   2.0   12:34    NW
26  11.7  18.9   15:34   5.1   05:34   6.9   0.0   0.0   1.0   3.0   15:34    NW
27   9.9  17.0   16:34   6.4   06:34   8.4   0.0   0.0   0.9   3.0   14:04   WNW
----------------------------------------------------------------------------------
     9.1  23.3    14    -4.7     1   261.9   4.1   5.4   0.7  11.0    11     NNE

Max >=  27.0:  0
Max <=   0.0:  0
Min <=   0.0:  3
Min <= -18.0:  0
Max Rain: 3.3 on day 4
Days of Rain: 5 (>= 0.2 mm)  1 (>= 2.0 mm)  0 (>= 20.0 mm)
Heat Base: 18.3  Cool Base: 18.3  Method: Integration