89.5FM RADIO

Sorry this site have a flash based native radio and needed adobe flash 10+ support.
Download Flash here.

NOAA-Style Climate Reports

Select a Year or Month report
2018: Jan Feb Mar Apr May Jun Jul Aug Sep Oct Nov Dec
2017: Jan Feb Mar Apr May Jun Jul Aug Sep Oct Nov Dec
2016: Jan Feb Mar Apr May Jun Jul Aug Sep Oct Nov Dec
2015: Jan Feb Mar Apr May Jun Jul Aug Sep Oct Nov Dec

Report for 2018 March
                   Monthly Climatological Summary for Mar 2018

Name: Vika   City: Oslo   State: oslo
Elevation: 8 m  Lat: N 59° 32' 03"   Lon: E 010° 41' 26"

                  Temperature (°C), Rain (mm), Wind Speed (m/s)

                                      Heat  Cool        Avg
    Mean                              Deg   Deg         Wind                 Dom
Day Temp  High   Time   Low    Time   Days  Days  Rain  Speed High   Time    Dir
----------------------------------------------------------------------------------
 1  -8.4   1.1   14:36 -11.9   06:36  26.7   0.0   0.0   0.8   2.0   11:36     N
 2  -6.1  -0.1   14:12 -10.7   05:36  24.0   0.0   0.0   0.8   3.0   17:27    NE
 3  -2.5  -2.5   00:06  -2.5   00:06  20.8   0.0   0.0   1.0   1.0   00:06    NE
 4  -1.7   4.0   14:35  -4.4   06:36  20.4   0.019172.0   4.9  42.0   20:35   NNW
 5  -2.9  -1.8   00:05  -3.4   07:05  20.9   0.0   0.0  12.2  42.0   00:05   NNW
 6  -2.2  -0.9   21:05  -3.6   03:35  20.6   0.0   0.0   0.8   2.0   09:05    NE
 7  -0.2   1.1   16:12  -1.0   05:05  18.3   0.0   0.0   0.8   3.0   08:05   NNE
 8   0.1   1.3   16:35  -1.2   23:05  18.0   0.0   0.0   0.6   1.0   14:35   NNE
 9   0.4   2.4   12:35  -2.3   22:35  18.5   0.0   0.0   0.6   1.0   20:05   NNE
10  -1.2   0.9   16:05  -3.6   03:35  20.0   0.0   0.0   0.4   2.0   19:35   NNE
11  -0.8   0.3   13:36  -2.4   07:06  19.0   0.0   0.0   0.9   2.0   07:09   NNE
12   2.1   3.6   14:35  -1.0   00:06  17.2   0.0   3.3   0.5   2.0   16:05   NNE
13   2.8   5.3   14:06   0.1   23:36  15.4   0.0   0.3   0.9   2.0   13:42    NE
14   1.3   9.9   14:09  -2.9   07:19  16.6   0.0   0.0   0.4   2.0   13:15   NNW
15   0.8   5.8   13:36  -1.5   19:36  18.1   0.0   0.6   0.8   4.0   13:36   NNE
16  -4.0  -1.5   00:06  -6.1   23:36  20.5   0.0   0.0   0.2   1.0   20:36    NW
17  -4.6   3.5   16:06  -8.4   06:36  22.3   0.0   0.0   0.2   1.0   02:36    NE
18  -2.7   7.3   15:34  -9.4   07:06  21.1   0.0   0.0   0.4   2.0   12:34   WSW
19   0.3   6.6   15:36  -4.0   05:04  18.2   0.0   0.0   0.6   4.0   13:09   NNE
20   4.6  12.8   13:58  -0.5   03:36  13.7   0.0   0.0   0.5   3.0   15:07   WNW
21   3.5   8.1   15:36  -0.4   06:35  14.7   0.0   0.0   0.4   2.0   09:36   ESE
22   3.7  14.7   14:34   0.0   23:36  14.9   0.0   0.0   0.7   3.0   17:30     E
23   0.9   2.5   15:36  -0.6   03:36  17.4   0.0   0.0   1.2   2.0   12:36     W
24   4.2  10.5   16:36   1.1   00:06  14.2   0.0   0.3   1.5   3.0   09:00   NNE
25   5.1  14.5   15:06   0.4   08:36  13.2   0.0   0.3   0.6   1.0   11:36   WSW
26   1.8   4.4   15:06  -0.3   23:36  16.6   0.0   0.0   1.0   4.0   09:06    NE
27   0.4   7.1   16:35  -5.1   06:36  18.0   0.0   0.0   1.0   4.0   14:48   ENE
28   0.6  10.2   15:36  -6.3   07:05  17.9   0.0   0.0   0.4   2.0   15:36     S
29   1.4  10.0   15:35  -4.4   07:36  16.9   0.0   0.0   0.9   4.0   10:52    NE
30   1.8  11.4   16:37  -4.6   06:35  16.6   0.0   0.0   0.5   3.0   13:07    NE
----------------------------------------------------------------------------------
    -0.1  14.7    22   -11.9     1   550.7   0.019177.0   1.1  42.0     4       N

Max >=  27.0:  0
Max <=   0.0:  5
Min <=   0.0: 27
Min <= -18.0:  0
Max Rain: 19172.0 on day 4
Days of Rain: 6 (>= 0.2 mm)  2 (>= 2.0 mm)  1 (>= 20.0 mm)
Heat Base: 18.3  Cool Base: 18.3  Method: Integration