89.5FM RADIO

Sorry this site have a flash based native radio and needed adobe flash 10+ support.
Download Flash here.

NOAA-Style Climate Reports

Select a Year or Month report
2018: Jan Feb Mar Apr May Jun Jul Aug Sep Oct Nov Dec
2017: Jan Feb Mar Apr May Jun Jul Aug Sep Oct Nov Dec
2016: Jan Feb Mar Apr May Jun Jul Aug Sep Oct Nov Dec
2015: Jan Feb Mar Apr May Jun Jul Aug Sep Oct Nov Dec

Report for 2018 February
                   Monthly Climatological Summary for Feb 2018

Name: Vika   City: Oslo   State: oslo
Elevation: 8 m  Lat: N 59° 32' 03"   Lon: E 010° 41' 26"

                  Temperature (°C), Rain (mm), Wind Speed (m/s)

                                      Heat  Cool        Avg
    Mean                              Deg   Deg         Wind                 Dom
Day Temp  High   Time   Low    Time   Days  Days  Rain  Speed High   Time    Dir
----------------------------------------------------------------------------------
 1   2.1   3.6   12:54  -1.5   23:48  15.9   0.0   0.3   1.2   3.0   20:42    NE
 2  -3.4   1.9   13:54  -6.0   21:34  21.9   0.0   0.0   1.0   3.0   14:45   NNE
 3  -4.8   0.5   12:26  -6.3   19:39  23.5   0.0   0.0   1.0   4.0   09:06    NE
 4  -5.2   2.2   13:59  -8.4   23:53  23.8   0.0   0.0   0.7   3.0   11:22   NNE
 5  -6.3  -4.5   22:53  -8.4   00:23  24.5   0.0   0.0   0.4   1.0   15:10    NE
 6  -3.6  -2.4   12:57  -4.8   00:23  22.2   0.0   0.0   0.6   2.0   21:10    NW
 7  -2.3   2.3   12:53  -4.2   08:53  20.4   0.0   0.0   0.6   2.0   11:46    SW
 8  -2.3   1.7   23:54  -5.1   05:53  20.7   0.0   1.2   0.2   2.0   23:24   SSW
 9   1.0   1.9   11:54  -0.4   20:54  16.9   0.0   3.0   1.7   5.0   12:24   ENE
10  -0.1   0.7   16:24  -1.1   09:54  18.4   0.0   0.0   1.4   4.0   22:54     N
11  -0.4   0.3   10:50  -0.9   19:53  19.0   0.0   0.0   1.4   5.0   12:10    NE
12   0.5   2.0   15:53  -0.5   00:23  17.7   0.0   2.1   1.0   4.0   03:23     E
13  -0.2   8.0   13:53  -3.8   07:53  18.5   0.0   0.3   0.3   1.0   06:53    NW
14   1.6   3.3   14:58  -0.4   01:53  16.8   0.0   1.2   1.6   4.0   14:51    NE
15   1.3   4.6   12:26   0.4   08:54  16.9   0.0   0.0   2.1   5.0   18:23     N
16   0.8   2.2   14:23  -0.8   23:53  17.6   0.0   0.9   0.4   2.0   00:23   NNE
17  -1.9  -0.6   00:53  -4.2   08:13  20.4   0.0   0.0   0.1   2.0   07:10   WSW
18   0.6   1.9   13:29  -0.8   01:23  17.7   0.0   1.2   0.0   1.0   19:29    NE
19   0.7   1.8   13:29  -1.1   23:59  17.6   0.0   0.3   0.6   3.0   14:29   NNE
20  -1.9  -0.6   16:09  -2.6   07:29  20.4   0.0   0.0   0.5   2.0   05:59     N
21  -1.3   0.0   13:08  -2.8   07:23  19.7   0.0   0.0   0.5   1.0   04:58   WNW
22  -1.5   5.8   13:58  -4.1   22:59  20.0   0.0   0.0   0.4   2.0   15:33    NW
23  -1.4   5.5   14:10  -4.3   02:29  19.4   0.0   0.0   0.8   2.0   09:29   NNE
24  -2.3  -0.6   00:02  -3.5   08:50  20.5   0.0   0.0   1.0   3.0   02:02    NE
25  -3.3   2.7   14:03  -8.1   22:55  21.6   0.0   0.0   1.0   3.0   13:38    NE
26  -1.8   1.4   18:35  -5.1   21:05  20.8   0.01260.9   0.4   2.0   22:05     N
27  -7.6  -3.3   12:05 -10.2   23:36  25.4   0.0   0.0   1.3   4.0   11:11    NE
28  -8.9  -1.0   14:36 -11.1   08:06  27.3   0.0   0.0   1.5   5.0   12:21   NNE
----------------------------------------------------------------------------------
    -1.9   8.0    13   -11.1    28   565.5   0.01271.4   0.8   5.0     9     NNE

Max >=  27.0:  0
Max <=   0.0:  8
Min <=   0.0: 27
Min <= -18.0:  0
Max Rain: 1260.9 on day 26
Days of Rain: 10 (>= 0.2 mm)  3 (>= 2.0 mm)  1 (>= 20.0 mm)
Heat Base: 18.3  Cool Base: 18.3  Method: Integration