89.5FM RADIO

Sorry this site have a flash based native radio and needed adobe flash 10+ support.
Download Flash here.

NOAA-Style Climate Reports

Select a Year or Month report
2018: Jan Feb Mar Apr May Jun Jul Aug Sep Oct Nov Dec
2017: Jan Feb Mar Apr May Jun Jul Aug Sep Oct Nov Dec
2016: Jan Feb Mar Apr May Jun Jul Aug Sep Oct Nov Dec
2015: Jan Feb Mar Apr May Jun Jul Aug Sep Oct Nov Dec

Report for 2018 January
                   Monthly Climatological Summary for Jan 2018

Name: Vika   City: Oslo   State: oslo
Elevation: 8 m  Lat: N 59° 32' 03"   Lon: E 010° 41' 26"

                  Temperature (°C), Rain (mm), Wind Speed (m/s)

                                      Heat  Cool        Avg
    Mean                              Deg   Deg         Wind                 Dom
Day Temp  High   Time   Low    Time   Days  Days  Rain  Speed High   Time    Dir
----------------------------------------------------------------------------------
 1   3.6   5.6   12:24   1.7   00:17  14.6   0.0   6.6   0.1   1.0   17:23   NNE
 2   1.7   3.6   00:00  -0.2   23:47  16.6   0.0   0.0   0.1   1.0   18:13     W
 3   0.8   2.1   19:17  -1.8   02:17  17.5   0.0   0.9   1.2   5.0   08:45    NE
 4   2.3   3.2   14:17   1.5   00:47  16.0   0.0   0.9   1.1   2.0   21:47   NNE
 5   0.7   2.0   00:17  -1.6   23:47  17.3   0.0   0.0   0.6   3.0   15:38   NNE
 6  -0.8   5.0   12:17  -3.5   23:53  19.0   0.0   0.0   0.3   2.0   17:29     N
 7  -2.8  -0.6   18:18  -5.8   07:18  21.5   0.0   0.0   0.1   1.0   11:26   NNE
 8   0.4   9.3   12:24  -1.8   00:19  18.1   0.0   0.0   0.1   2.0   01:19    NE
 9  -4.3  -1.7   00:19  -7.0   23:49  22.6   0.0   0.0   0.8   3.0   14:19    NE
10  -2.4   1.5   17:43  -7.0   00:19  20.7   0.0   0.0   0.7   2.0   12:53   NNE
11  -0.4   0.2   14:14  -3.4   23:50  18.9   0.0   0.0   0.4   2.0   19:10    NE
12  -1.4  -0.3   22:20  -3.4   00:20  19.7   0.0   0.0   0.5   2.0   04:50    NE
13  -0.5   0.0   11:08  -0.8   16:50  18.9   0.0   0.0   0.7   3.0   12:48    NE
14  -1.3  -0.2   00:20  -2.0   12:53  19.9   0.0   0.0   1.5   4.0   11:59    NE
15  -0.8   0.4   23:49  -1.5   10:49  19.3   0.0   0.0   2.4   6.0   15:12     N
16   1.2   1.9   15:19   0.4   00:19  17.1   0.0  15.0   0.7   3.0   04:19   WNW
17   1.6   2.8   14:20   0.3   23:50  17.0   0.0   3.0   0.1   2.0   10:39   NNE
18  -0.7   0.8   00:50  -2.0   20:50  19.1   0.0   0.0   0.5   2.0   01:50   NNE
19  -0.5   0.4   20:22  -1.7   00:20  19.3   0.0   0.0   0.6   2.0   11:20   NNE
20  -0.6   0.3   00:22  -1.4   03:22  19.0   0.0   0.3   0.9   3.0   11:32    NE
21   0.2   8.7   12:24  -2.6   22:16  17.9   0.0   0.0   0.2   1.0   03:54     N
22  -2.3  -0.4   21:55  -3.9   05:52  20.8   0.0   0.0   0.7   3.0   19:35    NE
23   0.2   2.3   12:55  -1.8   04:25  18.1   0.0  11.4   0.9   3.0   14:25     N
24   4.0   6.2   18:25   1.7   00:25  14.2   0.0  14.4   1.5   6.0   17:39     S
25   5.3   7.3   07:55   3.4   23:55  12.9   0.0   0.0   1.3   4.0   00:55     S
26   1.1   3.4   00:25  -1.7   23:59  17.3   0.0   0.0   0.3   1.0   22:11     N
27  -1.8   2.8   13:41  -3.8   09:55  20.1   0.0   4.2   0.6   3.0   22:37   NNE
28   1.6   4.1   15:11   0.1   23:54  17.1   0.0  12.6   0.0   1.0   00:15     W
29  -0.1   1.1   13:54  -1.7   07:24  18.4   0.0   0.0   0.1   1.0   00:24   NNE
30  -2.1  -0.2   22:55  -3.3   07:54  20.5   0.0   0.0   0.1   1.0   11:24     W
31   1.9   3.3   07:25  -0.8   01:25  16.2   0.0   7.8   1.2   5.0   12:31   NNE
----------------------------------------------------------------------------------
     0.1   9.3     8    -7.0     9   565.6   0.0  77.1   0.6   6.0    15     NNE

Max >=  27.0:  0
Max <=   0.0:  7
Min <=   0.0: 24
Min <= -18.0:  0
Max Rain: 15.0 on day 16
Days of Rain: 11 (>= 0.2 mm)  8 (>= 2.0 mm)  0 (>= 20.0 mm)
Heat Base: 18.3  Cool Base: 18.3  Method: Integration