89.5FM RADIO

Sorry this site have a flash based native radio and needed adobe flash 10+ support.
Download Flash here.

NOAA-Style Climate Reports

Select a Year or Month report
2018: Jan Feb Mar Apr May Jun Jul Aug Sep Oct Nov Dec
2017: Jan Feb Mar Apr May Jun Jul Aug Sep Oct Nov Dec
2016: Jan Feb Mar Apr May Jun Jul Aug Sep Oct Nov Dec
2015: Jan Feb Mar Apr May Jun Jul Aug Sep Oct Nov Dec

Report for 2018
                   Annual Climatological Summary for 2018

Name: Vika   City: Oslo   State: oslo
Elevation: 8 m  Lat: N 59° 32' 03"   Lon: E 010° 41' 26"

                  Temperature (°C), Heat Base: 18.3  Cool Base: 18.3
                          Dep.  Heat  Cool                       Max  Max  Min  Min
        Mean  Mean        From  Deg   Deg                        >=   <=   <=   <=
 YR MO  Max   Min   Mean  Norm  Days  Days  Hi  Date  Low  Date 27.0  0.0  0.0 -18.0
------------------------------------------------------------------------------------
 18  1   2.4  -1.8   0.1   0.0   565     0   9.3   8  -7.0    9    0    7   24    0
 18  2   1.5  -3.9  -1.9   0.0   565     0   8.0  13 -11.1   28    0    8   27    0
 18  3   5.1  -3.4  -0.1   0.0   550     0  14.7  22 -11.9    1    0    5   27    0
 18  4  16.0   4.1   9.3   0.0   283     4  23.3  14  -4.7    1    0    0    3    0
 18  5  26.3  12.4  18.8   0.0    90    97  35.4  16   0.0   18   14    0    1    0
 18  6  25.6  16.2  20.7   0.0    88   159  38.4   3   0.0   16   15    2    4    0
 18  7  33.6  18.5  24.9   0.0     1   144  37.2   3  14.5    1   19    0    0    0
 18  8
 18  9
 18 10
 18 11
 18 12
------------------------------------------------------------------------------------
        15.8   6.0  10.3   0.0  2146   406  38.4 Jun -11.9  Mar   48   22   86    0

                                Precipitation (mm)

              Dep.   Max        Days of Rain
              From   Obs.           >=
 YR MO Total  Norm   Day Date  0.2  2.0 20.0
---------------------------------------------
 18  1  77.1   0.0  15.0  16    11    8    0
 18  21271.4   0.01260.9  26    10    3    1
 18  319177.0   0.019172.0   4     6    2    1
 18  4   5.4   0.0   3.3   4     5    1    0
 18  5  10.5   0.0   4.8  10     8    2    0
 18  6   8.7   0.0   8.1  17     2    1    0
 18  7   1.5   0.0   0.9  12     3    0    0
 18  8
 18  9
 18 10
 18 11
 18 12
---------------------------------------------
     20551.0   0.019172.0  Mar   45   17    2

                                Wind Speed (m/s)
                          Dom
 YR MO   Avg.  Hi   Date  Dir
------------------------------
 18  1   0.6   6.0   15   NNE
 18  2   0.8   5.0    9   NNE
 18  3   1.1  42.0    4     N
 18  4   0.8  11.0   11    NE
 18  5   0.6   5.0    1   ENE
 18  6   0.7  44.0    5   ENE
 18  7   0.5   3.0    8    NE
 18  8
 18  9
 18 10
 18 11
 18 12
------------------------------
         0.7  44.0  Jun    NE