89.5FM RADIO

Sorry this site have a flash based native radio and needed adobe flash 10+ support.
Download Flash here.

NOAA-Style Climate Reports

Select a Year or Month report
2018: Jan Feb Mar Apr May Jun Jul Aug Sep Oct Nov Dec
2017: Jan Feb Mar Apr May Jun Jul Aug Sep Oct Nov Dec
2016: Jan Feb Mar Apr May Jun Jul Aug Sep Oct Nov Dec
2015: Jan Feb Mar Apr May Jun Jul Aug Sep Oct Nov Dec

Report for 2017 December
                   Monthly Climatological Summary for Dec 2017

Name: Vika   City: Oslo   State: oslo
Elevation: 8 m  Lat: N 59° 32' 03"   Lon: E 010° 41' 26"

                  Temperature (°C), Rain (mm), Wind Speed (m/s)

                                      Heat  Cool        Avg
    Mean                              Deg   Deg         Wind                 Dom
Day Temp  High   Time   Low    Time   Days  Days  Rain  Speed High   Time    Dir
----------------------------------------------------------------------------------
 1   0.4   6.5   12:12  -3.7   23:42  17.9   0.0   0.0   0.3   1.0   12:42     N
 2  -1.7   0.0   21:11  -3.7   00:12  20.0   0.0   0.0   0.1   1.0   12:54     N
 3   0.4   6.5   13:11  -1.5   08:27  17.9   0.0   0.0   0.3   2.0   10:15   NNE
 4  -0.6   5.4   12:12  -2.2   07:12  18.6   0.0   0.0   0.1   1.0   12:35    NE
 5   0.8   3.1   17:12  -1.6   08:12  17.4   0.0   0.0   0.1   1.0   15:42    NE
 6   1.9   2.8   01:43   1.2   06:13  16.3   0.0   0.6   0.3   2.0   15:11   NNE
 7   6.0   9.5   15:39   2.3   00:14  12.2   0.0   0.3   2.6   7.0   18:15   SSW
 8   5.9   7.3   12:15   3.9   22:15  12.6   0.0   0.0   1.3   6.0   06:15    SW
 9   4.3   7.0   12:36  -0.3   23:44  14.0   0.0   0.0   0.0   2.0   12:37   NNW
10  -1.9   2.1   12:10  -3.4   09:35  20.4   0.0   0.0   0.6   2.0   12:30    NE
11  -0.2   0.8   14:45  -1.2   00:15  18.7   0.0   0.0   0.6   2.0   17:50   NNE
12  -2.2   3.3   12:51  -6.3   23:46  20.5   0.0   0.0   0.1   2.0   22:09    NW
13  -3.3   0.4   18:38  -6.5   04:45  21.7   0.0   0.0   0.5   3.0   15:26   NNE
14   1.0   2.1   12:10  -1.0   00:11  17.2   0.0   1.5   0.3   2.0   12:19   NNE
15   0.6   1.6   00:10  -0.7   09:10  17.9   0.0   0.0   0.4   2.0   22:15   NNE
16  -0.2   1.1   11:55  -2.9   23:52  18.6   0.0   0.0   0.5   3.0   11:58   NNE
17  -4.4  -2.8   00:16  -5.6   08:53  22.5   0.0   0.0   0.1   1.0   10:42    NE
18  -1.5   0.3   12:39  -4.5   00:09  19.8   0.0   0.0   0.2   1.0   16:39   ENE
19  -1.8   1.0   22:28  -4.3   05:39  20.1   0.0   0.0   0.1   1.0   06:39   NNE
20   1.3   2.2   12:19   0.5   23:10  17.0   0.0   0.0   0.1   1.0   16:58   WNW
21  -0.8   0.8   00:10  -2.0   23:09  19.2   0.0   0.0   0.4   1.0   04:40     N
22  -0.9   2.2   14:09  -2.8   05:39  19.2   0.0   0.0   0.0   1.0   07:09    NE
23   2.0   3.9   21:40   0.7   19:40  16.5   0.0   0.3   0.2   3.0   09:02   NNW
24   1.0   2.2   00:00  -0.7   23:43  17.6   0.0   0.0   0.0   1.0   01:42    NE
25   0.8   2.8   23:16  -1.2   00:43  17.5   0.0   0.0   0.2   3.0   21:09    NE
26   2.9   4.7   11:46   1.0   04:16  15.4   0.0  16.5   2.2   6.0   17:52   NNE
27   3.5   5.9   12:47   2.8   09:17  14.7   0.0   0.0   1.3   4.0   02:47   WSW
28   2.9   3.6   16:17   2.2   10:47  15.4   0.0   1.8   0.5   2.0   02:17   NNE
29   1.5   3.2   14:17  -0.5   23:47  16.9   0.0   0.3   0.5   2.0   14:47    SW
30  -1.5   0.1   22:16  -2.4   11:56  19.7   0.0   0.0   0.8   2.0   09:57   NNE
31   0.4   1.7   23:47  -0.5   15:18  18.3   0.0   0.3   0.5   2.0   10:10   NNE
----------------------------------------------------------------------------------
     0.5   9.5     7    -6.5    13   551.7   0.0  21.6   0.5   7.0     7     NNE

Max >=  27.0:  0
Max <=   0.0:  2
Min <=   0.0: 23
Min <= -18.0:  0
Max Rain: 16.5 on day 26
Days of Rain: 8 (>= 0.2 mm)  1 (>= 2.0 mm)  0 (>= 20.0 mm)
Heat Base: 18.3  Cool Base: 18.3  Method: Integration