89.5FM RADIO

Sorry this site have a flash based native radio and needed adobe flash 10+ support.
Download Flash here.

NOAA-Style Climate Reports

Select a Year or Month report
2018: Jan Feb Mar Apr May Jun Jul Aug Sep Oct Nov Dec
2017: Jan Feb Mar Apr May Jun Jul Aug Sep Oct Nov Dec
2016: Jan Feb Mar Apr May Jun Jul Aug Sep Oct Nov Dec
2015: Jan Feb Mar Apr May Jun Jul Aug Sep Oct Nov Dec

Report for 2017 November
                   Monthly Climatological Summary for Nov 2017

Name: Vika   City: Oslo   State: oslo
Elevation: 8 m  Lat: N 59° 32' 03"   Lon: E 010° 41' 26"

                  Temperature (°C), Rain (mm), Wind Speed (m/s)

                                      Heat  Cool        Avg
    Mean                              Deg   Deg         Wind                 Dom
Day Temp  High   Time   Low    Time   Days  Days  Rain  Speed High   Time    Dir
----------------------------------------------------------------------------------
 2   6.4  17.9   17:27   0.0   17:22   7.8   0.0 300.6   0.3   3.0   17:22     N
 3   5.9  14.9   13:42   2.5   07:12  12.4   0.0   0.0   0.0   1.0   10:12     W
 4   4.3   8.9   13:12   2.0   07:42  14.0   0.0   0.6   0.1   1.0   05:12    NW
 5   7.3   9.4   11:12   4.9   22:42  11.0   0.0  18.6   0.2   1.0   14:12   NNE
 6   5.7  12.0   13:12   2.0   23:42  12.6   0.0   0.0   0.1   1.0   13:12   WSW
 7   4.6   9.7   13:42   1.2   01:12  13.7   0.0   0.3   0.1   1.0   03:42     W
 8   7.3  11.0   13:12   5.7   07:12  11.0   0.0   0.0   1.4   4.0   09:42   ESE
 9   8.6  11.9   14:12   6.4   23:42   9.7   0.0   0.3   2.1   4.0   06:12   WSW
10   4.9   6.7   12:12   3.6   17:42  13.4   0.0   0.6   0.4   2.0   01:12     S
11   3.2  11.4   13:42   0.1   23:42  15.1   0.0   0.0   0.3   1.0   01:42   NNW
12   1.8   8.8   14:12  -1.4   07:42  16.5   0.0   0.0   0.1   1.0   20:12   NNW
13   3.4  12.3   14:13   0.7   23:43  14.9   0.0   0.0   0.1   1.0   11:43     N
14   0.8   1.9   13:13  -0.2   19:13  17.5   0.0   1.2   0.1   1.0   05:43   NNW
15   2.8   9.5   14:13   0.0   08:13  15.8   0.0   1.5   0.0   1.0   12:43   SSW
16   3.1   7.7   18:43  -0.1   07:43  15.2   0.0   3.0   0.2   2.0   17:13    SE
17   6.2  10.4   13:13   4.1   08:43  12.1   0.0   0.3   1.4   3.0   13:43   SSW
18   3.1   5.6   14:43   1.1   08:43  15.2   0.0   0.0   0.2   1.0   17:43     S
19   2.5   9.1   14:13   0.8   07:43  15.8   0.0   0.0   0.4   1.0   00:13   NNE
20   0.4   7.5   12:13  -2.3   08:43  17.9   0.0   0.0   0.4   1.0   09:43    NE
21  -1.2   4.2   12:43  -4.4   22:13  19.5   0.0   0.0   0.6   1.0   01:43   ENE
22  -2.4   2.7   23:43  -5.5   07:43  20.7   0.0  19.8   0.9   3.0   10:13    NE
23   6.9  10.0   17:43   2.2   04:13  11.4   0.0  36.9   2.4   5.0   12:13    SW
24   4.7   7.7   13:43   3.3   21:43  13.6   0.0   0.3   1.5   3.0   11:43    SW
25   3.2   9.8   12:43   1.5   23:13  14.9   0.0   0.0   0.8   2.0   08:22     W
26   3.6   5.2   13:07   1.1   01:13  14.5   0.0   0.3   0.6   3.0   14:50    NE
27   2.2   3.8   00:12   1.1   22:41  16.1   0.0   0.0   0.8   3.0   14:40    NE
28   0.9   1.7   22:11   0.1   06:41  17.4   0.0   0.9   1.1   4.0   14:36    NE
29   1.5   2.3   12:12   0.6   18:41  17.0   0.0   0.0   0.8   2.0   10:22   NNE
30   1.1   1.7   21:42   0.5   05:41  17.1   0.0   0.0   0.9   3.0   14:12   NNE
----------------------------------------------------------------------------------
     3.5  17.9     2    -5.5    22   423.8   0.0 385.2   0.7   5.0    23      SW

Max >=  27.0:  0
Max <=   0.0:  0
Min <=   0.0:  8
Min <= -18.0:  0
Max Rain: 300.6 on day 2
Days of Rain: 15 (>= 0.2 mm)  5 (>= 2.0 mm)  2 (>= 20.0 mm)
Heat Base: 18.3  Cool Base: 18.3  Method: Integration