89.5FM RADIO

Sorry this site have a flash based native radio and needed adobe flash 10+ support.
Download Flash here.

NOAA-Style Climate Reports

Select a Year or Month report
2018: Jan Feb Mar Apr May Jun Jul Aug Sep Oct Nov Dec
2017: Jan Feb Mar Apr May Jun Jul Aug Sep Oct Nov Dec
2016: Jan Feb Mar Apr May Jun Jul Aug Sep Oct Nov Dec
2015: Jan Feb Mar Apr May Jun Jul Aug Sep Oct Nov Dec

Report for 2017 September
                   Monthly Climatological Summary for Sep 2017

Name: Oslo weather   City: Oslo   State: Vika
Elevation: 8 m  Lat: N 59 00 00   Lon: E 010 00 00

                  Temperature (°C), Rain (mm), Wind Speed (m/s)

                                      Heat  Cool        Avg
    Mean                              Deg   Deg         Wind                 Dom
Day Temp  High   Time   Low    Time   Days  Days  Rain  Speed High   Time    Dir
----------------------------------------------------------------------------------
01  15.0  24.6   15:33  11.4   05:45   3.5   0.3   0.0   0.0   1.0   14:33   ENE
02  15.7  23.0   15:08  10.5   05:23   3.1   0.5   0.0   0.0   1.0   13:20     N
03  16.3  22.1   15:35  12.9   04:35   2.5   0.5   0.0   0.0   2.0   17:29    NE
04  13.5  14.7   12:21  12.3   20:23   4.8   0.0   0.0   0.0   2.0   13:41   ENE
05  13.8  15.2   20:31  12.4   00:00   4.5   0.0   0.0   0.0   2.0   20:45    NE
06  13.7  14.9   00:43  11.9   23:39   4.6   0.0  15.3   0.0   2.0   00:12    NE
07  12.9  15.2   12:14  11.1   07:10   5.4   0.0   0.9   0.0   1.0   01:53     N
08  12.9  15.3   13:14  11.0   06:08   5.4   0.0   0.0   0.0   2.0   14:30   ESE
09  13.1  16.9   14:56  11.1   02:21   5.2   0.0   6.0   0.0   2.0   01:57   ENE
10  13.8  18.2   12:30  11.4   02:58   4.5   0.0   0.9   0.0   2.0   20:53   NNE
11  14.0  15.0   17:07  13.0   02:41   4.3   0.0  11.7   0.3   6.0   12:52    NE
12  14.4  17.9   15:14  12.2   05:10   3.9   0.0   9.9   0.1   4.0   06:36   ENE
13  13.7  20.4   15:19  11.6   06:49   4.6   0.0   3.0   0.0   2.0   06:38   ENE
14  13.6  17.0   14:58  11.1   06:32   4.7   0.0   1.2   0.0   2.0   12:35     N
15  14.6  28.8   10:11   9.5   05:38   4.1   0.5   0.9   0.0   0.0   07:41     N
16  15.6  30.5   10:10  11.3   07:38   3.3   0.6   0.0   0.0   0.0   00:00     N
17  14.3  18.2   15:22  11.8   04:21   4.0   0.0   0.0   0.0   0.0   00:00     N
18  14.7  18.2   15:22  12.6   06:22   3.6   0.0   0.0   0.0   0.0   00:00     N
19  14.1  16.5   16:13  12.2   07:14   4.2   0.0   0.0   0.0   0.0   08:51     N
20  12.1  15.8   15:16  10.2   07:07   6.2   0.0   0.3   0.0   0.0   00:00     N
21  10.9  13.1   16:40   9.1   04:18   7.4   0.0   0.0   0.0   0.0   00:00     N
22  13.1  15.8   13:27  11.1   03:30   5.2   0.0   0.0   0.0   0.0   00:24     N
23  13.8  15.1   13:23  12.5   03:50   4.5   0.0   0.0   0.0   0.0   00:00     N
24  14.9  15.9   12:40  14.1   01:30   3.4   0.0   0.0   0.0   0.0   00:00     N
25  15.4  16.7   15:16  14.4   22:37   2.9   0.0   0.0   0.0   0.0   00:00     N
26  14.6  16.1   12:25  13.6   03:11   3.7   0.0   0.0   0.0   0.0   00:00     N
27  13.0  17.8   12:41   0.0   20:08   5.3   0.0   0.0   0.0   0.0   00:00     N
28   0.0   0.0   00:00   0.0   00:00  18.3   0.0   0.0   0.0   0.0   00:00     N
29   0.0   0.0   00:00   0.0   00:00  18.3   0.0   0.0   0.0   0.0   00:00     N
----------------------------------------------------------------------------------
    13.0  30.5    16     0.0    27   155.4   2.4  50.1   0.0   6.0    11     ENE

Max >=  27.0  2
Max <=   0.0  2
Min <=   0.0  3
Min <= -18.0  0
Max Rain: 15.3 on day 6
Days of Rain: 10 (>= 0.2 mm)  5 (>= 2.0 mm)  0 (>= 20.0 mm)
Heat Base: 18.3  Cool Base: 18.3  Method: Integration