89.5FM RADIO

Sorry this site have a flash based native radio and needed adobe flash 10+ support.
Download Flash here.

NOAA-Style Climate Reports

Select a Year or Month report
2018: Jan Feb Mar Apr May Jun Jul Aug Sep Oct Nov Dec
2017: Jan Feb Mar Apr May Jun Jul Aug Sep Oct Nov Dec
2016: Jan Feb Mar Apr May Jun Jul Aug Sep Oct Nov Dec
2015: Jan Feb Mar Apr May Jun Jul Aug Sep Oct Nov Dec

Report for 2017 August
                   Monthly Climatological Summary for Aug 2017

Name: Oslo weather   City: Oslo   State: Vika
Elevation: 8 m  Lat: N 59 00 00   Lon: E 010 00 00

                  Temperature (°C), Rain (mm), Wind Speed (m/s)

                                      Heat  Cool        Avg
    Mean                              Deg   Deg         Wind                 Dom
Day Temp  High   Time   Low    Time   Days  Days  Rain  Speed High   Time    Dir
----------------------------------------------------------------------------------
01  18.1  25.5   11:11  14.8   05:22   1.2   1.0   0.6   0.0   1.0   11:12     N
02  19.1  23.2   15:29   0.0   21:58   0.3   0.8   0.0   0.0   3.0   11:35   NNE
03  17.7  27.2   10:13  12.5   05:24   2.0   1.4   0.6   0.0   3.0   17:11   ENE
04  17.5  22.6   14:45  15.0   00:32   1.4   0.6   0.6   0.0   0.0   01:37     N
05  19.1  26.7   15:19  15.7   05:07   0.9   1.6   0.3   0.0   1.0   22:45     W
06  17.0  20.0   17:07  15.0   08:21   1.4   0.1   0.3   0.0   1.0   04:11    NE
07  16.8  26.7   10:55  13.2   05:07   2.4   1.0   0.6   0.0   4.0   18:37    NE
08  19.2  25.9   16:09  14.3   05:21   1.2   2.0   0.0   0.0   2.0   15:19     N
09  16.1  18.2   00:00  15.2   04:18   2.2   0.0  18.6   0.0   2.0   20:07    NW
10  20.3  27.7   15:26  14.9   06:42   1.0   3.1   0.0   0.0   1.0   10:43    NW
11  19.7  27.1   15:47  14.0   05:37   1.2   2.6   0.0   0.0   3.0   13:20   WNW
12  18.1  24.4   16:28  15.3   06:40   1.2   1.0   0.0   0.0   3.0   01:07   WNW
13  18.5  26.6   15:42  13.3   06:07   1.8   2.0   0.0   0.0   2.0   00:13    NW
14  17.6  27.5   16:08  10.5   06:29   2.4   1.7   0.0   0.0   2.0   14:09   WNW
15  17.4  23.8   11:25  15.1   04:45   1.4   0.5   1.5   0.0   4.0   10:56    NW
16  19.7  28.0   16:00 -15.3   03:19   1.1   2.5   5.4   0.0  44.0   03:19   WSW
17  18.6  24.9   11:15  15.0   06:54   1.0   1.3   0.0   0.0   2.0   01:39    NW
18  18.0  23.8   16:20  15.6   02:07   1.0   0.7   2.7   0.0   3.0   16:48   ENE
19  17.3  21.8   15:28  15.3   07:07   1.4   0.3   1.2   0.0   2.0   03:37     S
20  17.2  26.9   16:31  13.4   05:12   1.9   0.7   0.0   0.0   4.0   12:15    NW
21  17.9  26.7   09:58  13.9   02:56   1.7   1.3   0.0   0.0   2.0   10:26    NE
22  17.0  25.8   16:07  12.4   05:09   2.5   1.2   0.0   0.0   2.0   08:58    NE
23  16.3  26.0   16:15  10.4   05:12   2.9   1.0   0.0   0.0   4.0   14:55   WNW
24  15.6  20.8   11:10  13.5   06:47   2.8   0.2   0.3   0.0   2.0   07:28    NW
25  17.7  24.8   15:50  13.4   07:12   1.9   1.3   0.3   0.0   3.0   10:13   WNW
26  16.8  24.1   15:21  13.9   07:27   1.9   0.4   0.0   0.0   2.0   04:53   SSW
27  17.1  27.2   16:38  10.7   06:08   2.7   1.4   0.9   0.0   2.0   10:20   SSW
28  17.4  22.3   09:44  13.4   03:15   1.7   0.8   0.0   0.0   3.0   15:51    NW
29  17.7  19.0   09:37  16.6   04:52   0.6   0.1   3.6   0.0   3.0   17:58    NE
30  17.0  25.6   15:40  11.3   06:18   2.2   0.9   0.0   0.0   2.0   20:41    NE
31  14.5  16.7   11:26  13.0   04:07   3.8   0.0   0.0   0.0   1.0   22:40     N
----------------------------------------------------------------------------------
    17.7  28.0    16   -15.3    16    53.1  33.5  37.5   0.0  44.0    16      NW

Max >=  27.0  6
Max <=   0.0  0
Min <=   0.0  2
Min <= -18.0  0
Max Rain: 18.6 on day 9
Days of Rain: 15 (>= 0.2 mm)  4 (>= 2.0 mm)  0 (>= 20.0 mm)
Heat Base: 18.3  Cool Base: 18.3  Method: Integration