89.5FM RADIO

Sorry this site have a flash based native radio and needed adobe flash 10+ support.
Download Flash here.

NOAA-Style Climate Reports

Select a Year or Month report
2018: Jan Feb Mar Apr May Jun Jul Aug Sep Oct Nov Dec
2017: Jan Feb Mar Apr May Jun Jul Aug Sep Oct Nov Dec
2016: Jan Feb Mar Apr May Jun Jul Aug Sep Oct Nov Dec
2015: Jan Feb Mar Apr May Jun Jul Aug Sep Oct Nov Dec

Report for 2017 July
                   Monthly Climatological Summary for Jul 2017

Name: Oslo weather   City: Oslo   State: Vika
Elevation: 8 m  Lat: N 59 00 00   Lon: E 010 00 00

                  Temperature (°C), Rain (mm), Wind Speed (m/s)

                                      Heat  Cool        Avg
    Mean                              Deg   Deg         Wind                 Dom
Day Temp  High   Time   Low    Time   Days  Days  Rain  Speed High   Time    Dir
----------------------------------------------------------------------------------
01  24.3  31.7   10:37  16.4   04:49   0.3   6.2   0.0   0.0   2.0   10:49    NE
02  20.2  22.5   10:52  15.9   05:34   0.5   2.5   0.0   0.0   3.0   05:19    NE
03  21.9  22.5   00:00  17.4   21:24   0.1   3.7   0.0   0.0   2.0   21:27   NNE
04  20.0  25.9   10:38  17.4   00:00   0.4   2.1   0.0   0.0   2.0   14:54   NNE
05  20.0  26.2   15:34  17.4   23:55   0.2   1.9   0.0   0.0   2.0   14:34     N
06  19.5  27.3   11:36  13.8   05:27   1.1   2.4   0.0   0.0   3.0   16:09   NNE
07  18.5  25.9   16:09  14.7   05:20   1.3   1.5   0.3   0.0   2.0   11:51    NE
08  15.6  15.6   00:00  15.6   00:00   2.7   0.0   0.0   0.0   0.0   00:00     N
09  19.0  26.1   10:11  15.6   00:00   1.1   1.8   6.9   0.0   1.0   14:14     N
10  16.3  18.3   12:46  15.4   22:55   2.0   0.0   2.7   0.0   0.0   04:19     N
11  16.8  19.3   13:37  15.2   07:30   1.6   0.1   0.0   0.0   1.0   13:57     N
12  16.8  22.9   16:20  13.0   23:39   1.8   0.3   0.3   0.0   0.0   01:24     N
13  18.8  28.4   10:56  10.3   04:39   2.0   2.5   0.0   0.0   0.0   14:54     N
14  19.8  27.7   11:18  13.1   04:50   1.2   2.7   0.0   0.0   1.0   11:27     N
15  20.5  28.3   15:07  15.1   03:42   0.8   3.0   0.0   0.0   1.0   15:58     N
16  17.9  25.8   15:07  14.0   05:38   1.8   1.4   9.0   0.0   1.0   15:39     N
17  21.3  26.6   10:55   0.0   18:42   0.1   2.0   0.0   0.0   0.0   13:13     N
18  21.1  29.3   11:30  13.0   05:24   1.2   4.0   0.0   0.0   1.0   14:52     N
19  20.0  27.3   16:30  15.4   04:53   0.6   2.4   0.0   0.0   0.0   06:40     N
20  23.1  32.5   15:14  14.1   05:19   0.8   5.6   0.0   0.0   2.0   22:53     N
21  19.6  21.9   12:54  17.0   05:50   0.2   1.5   0.0   0.0   0.0   12:59     N
22  22.0  31.2   15:09  16.9   05:29   0.3   4.1   0.0   0.0   0.0   15:15     N
23  23.7  33.2   11:47  17.1   04:53   0.2   5.6   0.0   0.0   2.0   20:26     N
24  20.4  27.3   15:10  17.0   06:54   0.1   2.3   0.0   0.0   1.0   04:22     N
25  23.1  32.2   10:31  16.4   05:50   0.2   5.0   0.0   0.0   1.0   11:40     N
26  21.1  23.7   10:24  17.8   05:26   0.0   2.9   0.3   0.0   0.0   02:08     N
27  19.2  22.3   13:39  16.1   23:26   0.2   1.1   2.1   0.0   1.0   14:24     N
28  19.3  25.8   15:45  15.3   04:36   1.1   2.1   0.9   0.0   1.0   13:23     N
29  17.3  17.3   00:00  17.3   00:00   1.0   0.0   0.0   0.0   0.0   00:00     N
30  18.2  21.6   13:08  16.0   22:16   0.8   0.8   0.6   0.0   0.0   08:08     N
31  18.2  24.0   14:53  14.8   05:16   1.3   1.1   0.3   0.0   2.0   15:42     N
----------------------------------------------------------------------------------
    19.8  33.2    23     0.0    17    27.0  72.6  23.4   0.0   3.0     2      NE

Max >=  27.0 12
Max <=   0.0  0
Min <=   0.0  1
Min <= -18.0  0
Max Rain: 9.0 on day 16
Days of Rain: 10 (>= 0.2 mm)  4 (>= 2.0 mm)  0 (>= 20.0 mm)
Heat Base: 18.3  Cool Base: 18.3  Method: Integration