89.5FM RADIO

Sorry this site have a flash based native radio and needed adobe flash 10+ support.
Download Flash here.

NOAA-Style Climate Reports

Select a Year or Month report
2018: Jan Feb Mar Apr May Jun Jul Aug Sep Oct Nov Dec
2017: Jan Feb Mar Apr May Jun Jul Aug Sep Oct Nov Dec
2016: Jan Feb Mar Apr May Jun Jul Aug Sep Oct Nov Dec
2015: Jan Feb Mar Apr May Jun Jul Aug Sep Oct Nov Dec

Report for 2017 June
                   Monthly Climatological Summary for Jun 2017

Name: Oslo weather   City: Oslo   State: Vika
Elevation: 8 m  Lat: N 59 00 00   Lon: E 010 00 00

                  Temperature (°C), Rain (mm), Wind Speed (m/s)

                                      Heat  Cool        Avg
    Mean                              Deg   Deg         Wind                 Dom
Day Temp  High   Time   Low    Time   Days  Days  Rain  Speed High   Time    Dir
----------------------------------------------------------------------------------
01  16.8  25.8   15:56   7.6   05:21   3.1   1.6   0.0   0.0   3.0   13:49   SSW
02  12.9  16.2   09:43  10.5   23:45   5.4   0.0   0.0   0.0   3.0   13:11   ENE
03  12.7  15.2   13:43   9.8   05:57   5.6   0.0   0.3   0.0   2.0   17:17    NE
04  13.9  14.6   07:41  13.4   10:50   4.4   0.0   2.1   0.0   2.0   15:17    NE
05  18.4  27.0   10:57  10.4   05:15   2.0   2.0   0.0   0.0   4.0   15:29   SSW
06  17.0  25.5   14:58  12.7   05:07   2.2   0.9   1.2   0.0   3.0   08:07   ESE
07  15.3  18.1   01:07  12.2   18:07   3.0   0.0   6.6   0.4   4.0   05:35    NE
08  14.7  19.2   12:53  12.4   03:30   3.6   0.0  10.8   0.3   4.0   03:49    NE
09  13.9  16.9   18:40  11.9   04:51   4.4   0.0   0.0   0.0   3.0   02:39    NE
10  15.1  15.1   00:00  15.1   00:00   3.2   0.0   0.0   0.0   1.0   00:00   ENE
11  15.1  15.1   00:00  15.1   00:00   3.2   0.0   0.0   0.0   1.0   00:00   ENE
12  15.1  15.1   00:00  15.1   00:00   3.2   0.0   0.0   0.0   1.0   00:00   ENE
13  15.1  15.1   00:00  15.1   00:00   3.2   0.0   0.0   0.0   1.0   00:00   ENE
14  16.6  23.6   17:57  15.1   00:00   2.4   0.7   7.8   0.0   2.0   21:42   ENE
15  19.9  28.5   15:33  14.7   04:58   0.8   2.5   0.0   0.0   2.0   14:09    SW
16  21.1  21.1   00:00  21.1   00:00   0.0   2.8   0.0   0.0   1.0   00:00   WSW
17  21.1  21.1   00:00  21.1   00:00   0.0   2.8   0.0   0.0   1.0   00:00   WSW
18  22.5  29.3   16:20  19.0   23:56   0.0   4.2   0.0   0.0   3.0   23:08   WSW
19  19.8  27.5   11:18  14.4   04:46   0.9   2.4   0.3   0.0   3.0   16:55    SW
20  16.4  16.7   22:29  15.0   23:58   1.9   0.0   0.0   0.0   2.0   23:52    NW
21  18.1  26.6   16:41  11.9   04:45   1.5   1.3   0.0   0.0   2.0   20:14    NE
22  18.0  24.3   12:00  14.3   06:07   1.3   1.1   0.0   0.0   3.0   08:44   ENE
23  19.1  19.1   00:00  19.1   00:00   0.0   0.8   0.0   0.0   0.0   00:00     N
24  19.8  27.9   14:37  16.1   23:47   0.1   1.6   2.4   0.0   2.0   18:02   SSE
25  17.6  23.9   16:32  12.2   04:37   1.6   0.9   3.3   0.1   5.0   18:41   SSW
26  18.5  27.7   11:00  13.3   03:30   1.6   1.7   1.2   0.0   3.0   19:12    NE
27  19.1  26.9   16:28  11.4   05:44   1.6   2.3   0.0   0.0   3.0   13:51     N
28  20.8  29.8   15:30  -1.7   06:28   1.2   3.7   0.0   0.3   3.0   17:18     E
29  23.1  26.5   16:42  16.7   07:38   0.1   4.9   0.0   0.5   4.0   15:41   ENE
30  25.9  29.7   14:59  19.1   08:07   0.0   7.6   0.0   0.4   5.0   09:15    NE
----------------------------------------------------------------------------------
    17.8  29.8    28    -1.7    28    61.5  45.8  36.0   0.1   5.0    25     ENE

Max >=  27.0  8
Max <=   0.0  0
Min <=   0.0  1
Min <= -18.0  0
Max Rain: 10.8 on day 8
Days of Rain: 10 (>= 0.2 mm)  6 (>= 2.0 mm)  0 (>= 20.0 mm)
Heat Base: 18.3  Cool Base: 18.3  Method: Integration