89.5FM RADIO

Sorry this site have a flash based native radio and needed adobe flash 10+ support.
Download Flash here.

NOAA-Style Climate Reports

Select a Year or Month report
2018: Jan Feb Mar Apr May Jun Jul Aug Sep Oct Nov Dec
2017: Jan Feb Mar Apr May Jun Jul Aug Sep Oct Nov Dec
2016: Jan Feb Mar Apr May Jun Jul Aug Sep Oct Nov Dec
2015: Jan Feb Mar Apr May Jun Jul Aug Sep Oct Nov Dec

Report for 2017 May
                   Monthly Climatological Summary for May 2017

Name: Oslo weather   City: Oslo   State: Vika
Elevation: 8 m  Lat: N 59 00 00   Lon: E 010 00 00

                  Temperature (°C), Rain (mm), Wind Speed (m/s)

                                      Heat  Cool        Avg
    Mean                              Deg   Deg         Wind                 Dom
Day Temp  High   Time   Low    Time   Days  Days  Rain  Speed High   Time    Dir
----------------------------------------------------------------------------------
01  10.5  21.5   15:19   4.3   06:07   7.9   0.2   0.0   0.0   3.0   09:36    SW
02  14.7  25.4   16:45   4.4   06:16   4.9   1.2   0.0   0.0   3.0   15:31    SW
03  15.9  24.3   15:16   8.7   05:43   3.4   0.9   0.0   0.1   4.0   15:37    NE
04  15.4  23.6   15:54   8.2   05:23   3.7   0.8   0.0   0.1   4.0   14:11    NE
05  17.7  30.0   16:20   7.3   05:29   3.1   2.5   0.0   0.0   3.0   12:42   ESE
06  20.1  30.3   15:17  12.4   05:38   1.4   3.2   0.0   0.0   3.0   15:22   SSW
07  12.8  22.0   15:43   7.3   23:57   5.7   0.2   0.0   0.2   5.0   20:47    NE
08   9.2  17.1   15:46   5.5   03:52   9.1   0.0   0.0   0.2   4.0   01:20   NNE
09   8.3  14.5   09:51   3.5   05:07  10.0   0.0   0.0   0.1   3.0   22:54    NE
10   3.9   5.1   13:05   2.9   05:57  14.4   0.0   3.6   0.2   4.0   06:38    NE
11   5.3   9.7   13:27   2.1   01:42  13.0   0.0   1.8   0.0   2.0   11:11    NE
12   8.0  13.1   17:16   4.5   05:09  10.3   0.0   0.0   0.0   3.0   12:26    NE
13  11.3  21.5   09:19   5.0   04:23   7.1   0.1   0.0   0.0   3.0   16:10     S
14  10.5  12.7   15:29   9.2   02:07   7.8   0.0   0.3   0.0   1.0   03:47    NE
15  10.6  13.2   15:24   8.0   23:26   7.7   0.0   0.0   0.1   3.0   18:37    NE
16   9.2  10.9   17:34   7.2   04:57   9.1   0.0   5.1   0.0   3.0   16:46    NE
17  12.4  15.0   12:36  10.5   02:14   5.9   0.0   3.6   0.0   1.0   00:42    SW
18  14.5  17.5   15:17  11.9   00:16   3.8   0.0   6.6   0.0   3.0   14:24    SW
19  16.1  24.5   16:43  11.3   05:13   3.2   1.0   0.0   0.0   3.0   18:18    NE
20  17.8  21.9   16:30  15.7   09:07   0.9   0.4   0.0   0.0   4.0   11:38    NE
21  16.2  24.3   14:58  12.0   09:16   2.8   0.6   0.3   0.0   4.0   14:39   ESE
22  15.7  24.4   16:32  10.9   04:51   3.1   0.5   0.0   0.0   3.0   17:23   WSW
23  17.2  27.5   16:16   8.3   05:07   2.8   1.7   0.0   0.0   1.0   16:26     N
24  18.8  28.6   16:14  10.1   05:12   2.3   2.8   0.0   0.0   3.0   22:26   WSW
25  18.7  25.0   16:16  12.2   05:30   1.4   1.8   0.0   0.0   2.0   16:24     N
26  21.3  30.4   14:55  13.6   05:07   0.9   3.9   0.0   0.0   2.0   13:42     W
27  20.3  29.1   16:22  13.0   05:22   1.2   3.2   0.0   0.0   2.0   14:16   SSW
28  17.7  22.7   16:28  13.7   05:11   1.4   0.7   0.0   0.0   2.0   15:46     S
29  20.6  32.2   15:21  14.5   04:38   1.4   3.6   0.0   0.0   3.0   11:38   ESE
30  14.5  16.2   18:48  13.3   06:39   3.8   0.0   0.9   0.0   2.0   00:18   SSW
31  15.9  21.7   14:48  12.6   04:07   2.6   0.2   0.0   0.0   3.0   15:51    NE
----------------------------------------------------------------------------------
    14.2  32.2    29     2.1    11   156.1  29.5  22.2   0.0   5.0     7      NE

Max >=  27.0  7
Max <=   0.0  0
Min <=   0.0  0
Min <= -18.0  0
Max Rain: 6.6 on day 18
Days of Rain: 8 (>= 0.2 mm)  4 (>= 2.0 mm)  0 (>= 20.0 mm)
Heat Base: 18.3  Cool Base: 18.3  Method: Integration