89.5FM RADIO

Sorry this site have a flash based native radio and needed adobe flash 10+ support.
Download Flash here.

NOAA-Style Climate Reports

Select a Year or Month report
2018: Jan Feb Mar Apr May Jun Jul Aug Sep Oct Nov Dec
2017: Jan Feb Mar Apr May Jun Jul Aug Sep Oct Nov Dec
2016: Jan Feb Mar Apr May Jun Jul Aug Sep Oct Nov Dec
2015: Jan Feb Mar Apr May Jun Jul Aug Sep Oct Nov Dec

Report for 2017 April
                   Monthly Climatological Summary for Apr 2017

Name: Oslo weather   City: Oslo   State: Vika
Elevation: 8 m  Lat: N 59 00 00   Lon: E 010 00 00

                  Temperature (°C), Rain (mm), Wind Speed (m/s)

                                      Heat  Cool        Avg
    Mean                              Deg   Deg         Wind                 Dom
Day Temp  High   Time   Low    Time   Days  Days  Rain  Speed High   Time    Dir
----------------------------------------------------------------------------------
01   7.7  17.1   14:56   4.9   07:16  10.6   0.0   0.9   0.2   5.0   17:41   NNE
02   8.9  21.2   15:26   4.5   08:36   9.5   0.1   0.0   0.0   2.0   04:16   SSW
03   7.4  17.6   15:28   4.1   08:48  10.9   0.0   0.0   0.2   4.0   21:13    SW
04   7.2  11.6   12:21   4.8   00:44  11.1   0.0   0.0   0.8   8.0   13:42   SSW
05   9.2  16.2   15:18   5.5   07:07   9.1   0.0   0.0   0.7   5.0   05:31    SW
06   7.7  14.5   16:55   3.8   05:37  10.6   0.0   0.0   0.2   4.0   15:45   NNE
07  12.3  22.2   16:32   4.1   06:00   6.3   0.3   0.0   0.1   4.0   14:34   NNW
08  11.9  21.4   15:07  -2.2   23:44   6.5   0.1   0.0   0.0   3.0   15:50     N
09  10.2  18.3   15:19   5.8   05:22   8.1   0.0   0.0   0.3   5.0   17:45   SSW
10  11.5  20.3   15:36   7.2   01:55   6.8   0.0   0.0   0.4   4.0   13:25     N
11   9.8  17.5   16:47   3.6   07:08   8.5   0.0   0.0   0.0   3.0   17:12     N
12   8.0  17.0   15:00   3.5   05:40  10.3   0.0   1.2   0.2   4.0   01:44    SE
13   4.7   6.8   00:00   2.6   21:32  13.6   0.0   7.2   0.2   4.0   12:36    NE
14   2.9   5.3   15:32   0.8   23:45  15.4   0.0   0.0   0.1   4.0   19:29    NE
15   1.8   5.3   09:28  -1.4   05:44  16.5   0.0   0.0   0.2   4.0   12:52    NE
16   3.3   7.1   16:00  -0.2   04:08  15.0   0.0   0.0   0.2   6.0   21:34   NNE
17   4.5   7.9   12:15   1.8   02:07  13.8   0.0   0.0   0.3   5.0   11:55    NE
18   5.6  13.3   16:59   0.0   06:05  12.7   0.0   0.0   0.1   3.0   11:18     S
19   7.3  14.9   15:48   0.3   05:19  11.0   0.0   0.0   0.2   4.0   15:50   SSW
20   8.5  12.6   18:32   4.8   03:49   9.8   0.0   0.0   0.3   4.0   15:55    SW
21  10.5  18.2   12:40   5.0   23:39   7.8   0.0   0.0   0.4   4.0   13:33     N
22   9.6  17.5   15:19   4.6   00:27   8.7   0.0   0.0   0.2   5.0   12:35     N
23   8.3  17.0   10:55   2.9   04:07  10.0   0.0   0.6   0.0   3.0   16:47     N
24   3.8   6.2   00:00   1.9   08:47  14.5   0.0   5.4   0.1   4.0   07:11    NE
25   5.7  10.7   11:48   2.1   02:17  12.6   0.0   0.0   0.3   5.0   09:13   NNE
26   8.8  16.8   12:52   2.2   05:35   9.5   0.0   0.0   0.1   3.0   15:42   NNE
27   5.8  14.6   15:07   1.2   05:23  12.5   0.0   0.0   0.1   4.0   18:49    NE
28   5.5   9.3   13:09   2.4   03:24  12.8   0.0   0.6   0.3   5.0   12:33    NE
29   9.8  17.5   15:43   2.8   06:07   8.5   0.0   0.0   0.2   5.0   00:46    NE
30  10.0  19.0   11:59   2.3   05:40   8.3   0.0   0.0   0.3   4.0   16:36   WSW
----------------------------------------------------------------------------------
     7.6  22.2     7    -2.2     8   321.3   0.5  15.9   0.2   8.0     4       N

Max >=  27.0  0
Max <=   0.0  0
Min <=   0.0  4
Min <= -18.0  0
Max Rain: 7.2 on day 13
Days of Rain: 6 (>= 0.2 mm)  2 (>= 2.0 mm)  0 (>= 20.0 mm)
Heat Base: 18.3  Cool Base: 18.3  Method: Integration