89.5FM RADIO

Sorry this site have a flash based native radio and needed adobe flash 10+ support.
Download Flash here.

NOAA-Style Climate Reports

Select a Year or Month report
2018: Jan Feb Mar Apr May Jun Jul Aug Sep Oct Nov Dec
2017: Jan Feb Mar Apr May Jun Jul Aug Sep Oct Nov Dec
2016: Jan Feb Mar Apr May Jun Jul Aug Sep Oct Nov Dec
2015: Jan Feb Mar Apr May Jun Jul Aug Sep Oct Nov Dec

Report for 2017 March
                   Monthly Climatological Summary for Mar 2017

Name: Oslo weather   City: Oslo   State: Vika
Elevation: 8 m  Lat: N 59 00 00   Lon: E 010 00 00

                  Temperature (°C), Rain (mm), Wind Speed (m/s)

                                      Heat  Cool        Avg
    Mean                              Deg   Deg         Wind                 Dom
Day Temp  High   Time   Low    Time   Days  Days  Rain  Speed High   Time    Dir
----------------------------------------------------------------------------------
01   4.0  10.7   12:55   1.9   23:54  14.3   0.0   0.3   0.1   5.0   00:13    NE
02  -0.1   1.9   00:00  -1.6   07:25  18.4   0.0   0.0   0.0   2.0   06:50     S
03   1.3   1.6   19:38   0.0   13:24   3.5   0.0   0.3   0.0   2.0   22:30    NE
04   1.7   3.7   13:34   0.4   03:41  16.6   0.0   0.0   0.2   5.0   20:13    NE
05   0.2   2.6   14:45  -1.2   07:06  18.1   0.0   0.0   0.6   6.0   15:21    NE
06  -1.8   0.0   13:26  -2.6   23:50   3.3   0.0   0.0   0.4   4.0   23:26    NE
07  -0.7   6.4   13:52  -3.8   07:08  19.0   0.0   0.0   0.1   3.0   10:39    NE
08  -0.6   6.1   14:00  -2.9   07:07  18.9   0.0   0.0   0.2   3.0   15:21    NE
09   1.9   3.8   17:23   0.1   00:00  16.4   0.0   1.2   0.0   2.0   11:07     E
10   5.6  16.9   14:42   1.0   07:07  12.7   0.0   0.0   0.0   3.0   11:19   NNE
11   3.8  13.0   14:32  -0.3   07:12  14.5   0.0   0.0   0.1   3.0   17:30   SSW
12   3.8   5.7   11:25   2.1   00:55  14.5   0.0   0.9   0.4   4.0   12:46    SW
13   3.4   3.9   21:30   0.0   18:41   9.7   0.0   0.0   0.4   3.0   14:40    SW
14   5.3  11.4   15:59   2.6   03:45  13.0   0.0   2.1   0.2   4.0   14:39     S
15   9.0  16.8   15:14   4.3   00:29   9.3   0.0   0.0   0.3   3.0   02:29     N
16   5.6   8.8   13:49   2.5   05:24  12.7   0.0   0.0   0.4   6.0   18:59   SSW
17   7.0  12.6   14:09   3.7   23:52  11.3   0.0   0.0   0.4   5.0   05:19   WSW
18   4.4  12.5   15:30  -0.2   07:20  13.9   0.0   0.0   0.0   3.0   09:45    NE
19   2.6  10.0   13:53  -0.9   03:07  15.7   0.0   0.0   0.2   4.0   20:34    SW
20   3.1   5.1   16:45   0.9   02:17  15.2   0.0   3.3   0.3   5.0   20:35    NW
21   4.9   8.4   15:30   2.3   05:57  13.4   0.0   0.3   0.2   4.0   10:24   SSW
22   5.8  16.0   14:15   0.9   06:06  12.5   0.0   0.0   0.1   3.0   15:13     N
23   5.6  18.3   14:45  -0.4   06:36  12.7   0.0   0.0   0.1   3.0   12:39   NNE
24   4.3  12.2   13:13   0.5   06:11  14.0   0.0   0.0   0.0   3.0   13:53   WSW
25   8.4  17.6   14:17   1.5   05:33   9.9   0.0   0.0   0.0   3.0   11:36   ESE
26  12.7  25.8   16:29   4.1   07:15   6.1   0.7   0.0   0.1   3.0   18:30   NNE
27  11.1  22.4   16:28   4.2   07:43   7.5   0.3   0.0   0.1   2.0   13:18   NNW
28  10.1  20.4   15:44   4.4   07:23   8.2   0.0   0.0   0.1   3.0   19:56     E
29   6.8  13.3   16:40   2.9   23:50  11.5   0.0   0.0   0.0   3.0   02:38    NE
30   4.2   5.3   10:40   2.9   00:00  14.1   0.0   5.7   0.1   3.0   11:00    NE
31   4.9   5.7   14:48   3.8   06:13  13.4   0.0   1.8   0.0   3.0   08:38    NE
----------------------------------------------------------------------------------
     4.5  25.8    26    -3.8     7   394.3   1.0  15.9   0.2   6.0     5      NW

Max >=  27.0  0
Max <=   0.0  1
Min <=   0.0 11
Min <= -18.0  0
Max Rain: 5.7 on day 30
Days of Rain: 9 (>= 0.2 mm)  3 (>= 2.0 mm)  0 (>= 20.0 mm)
Heat Base: 18.3  Cool Base: 18.3  Method: Integration