89.5FM RADIO

Sorry this site have a flash based native radio and needed adobe flash 10+ support.
Download Flash here.

NOAA-Style Climate Reports

Select a Year or Month report
2018: Jan Feb Mar Apr May Jun Jul Aug Sep Oct Nov Dec
2017: Jan Feb Mar Apr May Jun Jul Aug Sep Oct Nov Dec
2016: Jan Feb Mar Apr May Jun Jul Aug Sep Oct Nov Dec
2015: Jan Feb Mar Apr May Jun Jul Aug Sep Oct Nov Dec

Report for 2017 February
                   Monthly Climatological Summary for Feb 2017

Name: Oslo weather   City: Oslo   State: Vika
Elevation: 8 m  Lat: N 59 00 00   Lon: E 010 00 00

                  Temperature (°C), Rain (mm), Wind Speed (m/s)

                                      Heat  Cool        Avg
    Mean                              Deg   Deg         Wind                 Dom
Day Temp  High   Time   Low    Time   Days  Days  Rain  Speed High   Time    Dir
----------------------------------------------------------------------------------
01   0.9   1.3   11:41   0.5   02:57  17.4   0.0   0.6   0.0   3.0   19:26   SSW
02   0.9   1.4   12:41   0.3   18:49  17.4   0.0   0.6   0.1   4.0   04:39   NNE
03   1.1   2.1   21:45   0.4   01:38  17.2   0.0   4.2   0.0   2.0   22:54   NNE
04   1.2   2.1   00:00   0.7   10:49  17.1   0.0   0.0   0.2   4.0   14:29    NE
05   1.7   2.4   23:05   1.0   00:00  16.6   0.0   0.6   0.0   3.0   18:21    NE
06   1.1   2.4   00:36  -1.4   23:43  17.2   0.0   0.0   0.4   5.0   13:22    NE
07  -3.7  -1.0   14:09  -5.0   23:25  22.0   0.0   0.0   0.3   5.0   02:38    NE
08  -4.9  -1.5   12:14  -6.3   07:18  23.2   0.0   0.0   0.0   4.0   12:30    NE
09  -4.0  -3.0   12:27  -5.1   03:21  22.3   0.0   0.0   0.1   3.0   01:45    NE
10  -2.8  -2.0   13:38  -3.9   00:13  21.1   0.0   0.0   0.1   3.0   07:20    NE
11  -1.1   2.8   13:25  -2.1   00:00  19.4   0.0   0.0   0.1   3.0   13:25    NE
12  -1.8   4.3   14:54  -4.9   08:08  20.1   0.0   0.0   0.0   2.0   13:00   NNE
13  -1.6   5.4   14:58  -4.5   07:42  19.9   0.0   0.0   0.0   2.0   06:37   SSW
14  -1.5   7.6   14:17  -4.3   06:33  19.8   0.0   0.0   0.0   1.0   10:37   SSW
15  -3.0  -2.2   12:56  -3.8   02:07  21.3   0.0   0.0   0.0   2.0   01:41    NE
16  -1.1   0.5   14:18  -3.1   00:37  19.4   0.0   0.0   0.0   1.0   03:07   NNE
17   0.1   6.1   11:56  -2.2   19:48  18.2   0.0   0.0   0.0   2.0   02:22   SSE
18  -1.5   1.4   23:51  -4.0   09:53  19.8   0.0   0.0   0.0   3.0   10:33   NNE
19   2.0   5.4   13:59   0.2   18:11  16.3   0.0   0.0   0.0   2.0   15:49    NE
20   4.3   8.5   15:07   2.9   05:59  14.0   0.0   0.0   0.0   3.0   00:50   WNW
21   4.9  13.2   14:31   1.9   23:08  13.4   0.0   0.0   0.1   4.0   11:30    NE
22   2.8  10.0   14:09   0.7   06:37  15.5   0.0  11.7   0.1   3.0   03:10     N
23   2.2  12.6   14:08  -2.4   23:25  16.1   0.0   0.0   0.0   3.0   08:11     N
24   0.4  12.2   14:24  -4.9   07:20  17.9   0.0   0.0   0.0   3.0   13:47   NNE
25  -1.0   1.7   13:14  -5.0   07:33  19.3   0.0  11.7   0.0   3.0   15:52    NE
----------------------------------------------------------------------------------
    -0.2  13.2    21    -6.3     8   461.9   0.0  29.4   0.1   5.0     6      NE

Max >=  27.0  0
Max <=   0.0  5
Min <=   0.0 16
Min <= -18.0  0
Max Rain: 11.7 on day 22
Days of Rain: 6 (>= 0.2 mm)  3 (>= 2.0 mm)  0 (>= 20.0 mm)
Heat Base: 18.3  Cool Base: 18.3  Method: Integration