89.5FM RADIO

Sorry this site have a flash based native radio and needed adobe flash 10+ support.
Download Flash here.

NOAA-Style Climate Reports

Select a Year or Month report
2018: Jan Feb Mar Apr May Jun Jul Aug Sep Oct Nov Dec
2017: Jan Feb Mar Apr May Jun Jul Aug Sep Oct Nov Dec
2016: Jan Feb Mar Apr May Jun Jul Aug Sep Oct Nov Dec
2015: Jan Feb Mar Apr May Jun Jul Aug Sep Oct Nov Dec

Report for 2017 January
                   Monthly Climatological Summary for Jan 2017

Name: Oslo weather   City: Oslo   State: Vika
Elevation: 8 m  Lat: N 59 00 00   Lon: E 010 00 00

                  Temperature (°C), Rain (mm), Wind Speed (m/s)

                                      Heat  Cool        Avg
    Mean                              Deg   Deg         Wind                 Dom
Day Temp  High   Time   Low    Time   Days  Days  Rain  Speed High   Time    Dir
----------------------------------------------------------------------------------
01   2.7   9.0   12:51   0.3   05:09  15.6   0.0   0.0   0.0   2.0   15:54     N
02  -0.1   5.2   12:48  -2.2   21:57  18.4   0.0   0.0   0.0   2.0   01:53    NE
03  -0.6   4.5   13:26  -1.7   06:40  18.9   0.0   0.0   0.0   2.0   09:28    NE
04  -1.6   1.4   11:41  -5.5   23:54  19.9   0.0   0.0   0.2   4.0   09:47   NNE
05  -7.1  -1.0   12:26  -9.2   09:33  25.4   0.0   0.0   0.0   3.0   22:32    NE
06  -3.9   3.8   23:40  -9.2   05:45  22.2   0.0   2.1   0.3   6.0   14:45   SSW
07   1.7   4.9   13:29  -1.9   22:37  16.6   0.0   0.0   0.1   3.0   00:36     S
08  -1.4  -0.1   14:20  -2.7   01:17  19.7   0.0   0.0   0.0   2.0   06:13    NE
09   1.5   5.7   20:59  -1.1   02:56  16.8   0.0   0.0   0.2   5.0   21:45   SSE
10   3.6   5.6   23:57   2.3   13:54  14.8   0.0   5.7   0.9   6.0   23:14   NNE
11   4.1   6.5   02:29   2.3   12:25  14.2   0.0  11.1   1.0   9.0   05:45   ENE
12   3.2   6.6   13:28   2.1   09:09  15.1   0.0   0.0   0.0   3.0   09:25   SSW
13   0.0   5.9   13:09  -2.7   22:07  18.3   0.0   0.0   0.0   1.0   11:45   SSW
14  -1.2   1.7   12:32  -3.4   03:15  19.5   0.0   0.0   0.0   2.0   13:25    NE
15  -1.9   5.8   12:25  -4.8   23:26  20.2   0.0   0.0   0.0   3.0   05:21    NE
16  -2.5   6.9   12:13  -5.2   02:07  20.8   0.0   0.0   0.0   2.0   18:54    NE
17  -1.9  -0.5   20:59  -3.4   00:14  11.0   0.0   0.0   0.0   2.0   23:41    NE
18  -1.1  -0.6   12:56  -1.6   07:14  10.6   0.0   0.0   0.0   2.0   00:09    NE
19   0.2   1.7   17:26  -2.0   13:16   8.1   0.0   0.0   0.0   2.0   18:51     N
20  -1.4   5.7   17:16  -3.8   13:26  19.7   0.0   0.0  ----   2.0   02:36   NNE
21  -2.6   6.7   17:06  -5.2   07:01  20.9   0.0   0.0  ----   1.0   17:31   NNE
22   2.9  26.0   10:26  -3.7   02:41  16.6   1.1   0.6  ----  72.0   10:26     N
23  -1.6   0.5   00:07  -2.7   17:27  19.9   0.0   0.0  ----   2.0   08:11   WNW
24  -2.3   0.8   14:57 -27.3   14:17  20.6   0.0   0.0  ----   2.0   16:26   WNW
25   0.1   1.3   19:56  -0.9   02:30  18.2   0.0   0.0  ----   2.0   08:29   NNE
26   2.2   7.6   14:25   0.1   16:42  16.1   0.0   0.0  ----   2.0   22:47     W
27   1.3   2.0   00:00   0.7   06:07  17.0   0.0   0.0  ----   3.0   22:54   NNW
28   1.2   1.9   12:55   0.7   02:07  17.0   0.0   0.0  ----   3.0   05:15   NNE
29   1.0   4.2   23:50  -0.2   11:49  17.3   0.0   0.9  ----   3.0   09:38    NE
30   2.6   4.2   00:00   1.5   23:44  15.7   0.0   0.0  ----   2.0   00:09    SE
31   0.7   1.5   00:00   0.0   07:21  17.6   0.0   0.0  ----   2.0   01:41   WNW
----------------------------------------------------------------------------------
    -0.1  26.0    22   -27.3    24   542.7   1.1  20.4   0.2  72.0    22     ENE

Max >=  27.0  0
Max <=   0.0  4
Min <=   0.0 23
Min <= -18.0  1
Max Rain: 11.1 on day 11
Days of Rain: 5 (>= 0.2 mm)  3 (>= 2.0 mm)  0 (>= 20.0 mm)
Heat Base: 18.3  Cool Base: 18.3  Method: Integration