89.5FM RADIO

Sorry this site have a flash based native radio and needed adobe flash 10+ support.
Download Flash here.

NOAA-Style Climate Reports

Select a Year or Month report
2018: Jan Feb Mar Apr May Jun Jul Aug Sep Oct Nov Dec
2017: Jan Feb Mar Apr May Jun Jul Aug Sep Oct Nov Dec
2016: Jan Feb Mar Apr May Jun Jul Aug Sep Oct Nov Dec
2015: Jan Feb Mar Apr May Jun Jul Aug Sep Oct Nov Dec

Report for 2017
                   Annual Climatological Summary for 2017

Name: Oslo weather   City: Oslo   State: Vika
Elevation: 8 m  Lat: N 59 00 00   Lon: E 010 00 00

                  Temperature (°C), Heat Base: 18.3  Cool Base: 18.3
                          Dep.  Heat  Cool                       Max  Max  Min  Min
        Mean  Mean        From  Deg   Deg                        >=   <=   <=   <=
 YR MO  Max   Min   Mean  Norm  Days  Days  Hi  Date  Low  Date 27.0  0.0  0.0 -18.0
------------------------------------------------------------------------------------
 17  1   4.4  -2.9  -0.1   0.0   543     1  26.0  22 -27.3   24    0    4   23    1
 17  2   4.2  -1.9   0.2   0.0   507     0  13.2  21  -6.3    8    0    5   17    0
 17  3  10.3   1.1   4.5   0.0   394     1  25.8  26  -3.8    7    0    1   11    0
 17  4  14.5   2.9   7.6   0.0   321     0  22.2   7  -2.2    8    0    0    4    0
 17  5  21.2   9.2  14.2   0.0   156    29  32.2  29   2.1   11    7    0    0    0
 17  6  22.3  13.8  17.8   0.0    62    46  29.8  28  -1.7   28    8    0    1    0
 17  7  25.2  15.0  19.7   0.0    27    73  33.2  23   0.0   17   12    0    1    0
 17  8  24.4  12.4  17.7   0.0    53    33  28.0  16 -15.3   16    6    0    2    0
 17  9  16.9  10.6  13.0   0.0   155     2  30.5  16   0.0   27    2    2    3    0
 17 10
 17 11  12.2   2.1   4.9   0.0    83     0  18.1   2   0.0    2    0    0    1    0
 17 12
------------------------------------------------------------------------------------
        15.6   6.2   9.9   0.0  2301   186  33.2 Jul -27.3  Jan   35   12   63    1

                                Precipitation (mm)

              Dep.   Max        Days of Rain
              From   Obs.           >=
 YR MO Total  Norm   Day Date  0.2  2.0 20.0
---------------------------------------------
 17  1  20.4   0.0  11.1  11     5    3    0
 17  2  52.8   0.0  12.0  26     9    6    0
 17  3  15.9   0.0   5.7  30     9    3    0
 17  4  15.9   0.0   7.2  13     6    2    0
 17  5  22.2   0.0   6.6  18     8    4    0
 17  6  36.0   0.0  10.8   8    10    6    0
 17  7  23.4   0.0   9.0  16    10    4    0
 17  8  37.5   0.0  18.6   9    15    4    0
 17  9  50.1   0.0  15.3   6    10    5    0
 17 11  20.7   0.0  18.6   5     4    1    0
---------------------------------------------
       294.9   0.0  18.6  Aug   86   38    0

                                Wind Speed (m/s)
                          Dom
 YR MO   Avg.  Hi   Date  Dir
------------------------------
 17  1   0.1  72.0   22   NNE
 17  2   0.1   7.0   28    NE
 17  3   0.2   6.0    5    NE
 17  4   0.2   8.0    4   NNE
 17  5   0.0   5.0    7    NE
 17  6   0.1   5.0   25   ENE
 17  7   0.0   3.0    2    NE
 17  8   0.0  44.0   16   NNE
 17  9   0.0   6.0   11    NE
 17 10
 17 11   3.0 410.0    2   NNW
 17 12
------------------------------
         0.4 410.0  Nov   NNW