89.5FM RADIO

Sorry this site have a flash based native radio and needed adobe flash 10+ support.
Download Flash here.

NOAA-Style Climate Reports

Select a Year or Month report
2018: Jan Feb Mar Apr May Jun Jul Aug Sep Oct Nov Dec
2017: Jan Feb Mar Apr May Jun Jul Aug Sep Oct Nov Dec
2016: Jan Feb Mar Apr May Jun Jul Aug Sep Oct Nov Dec
2015: Jan Feb Mar Apr May Jun Jul Aug Sep Oct Nov Dec

Report for 2016 December
                   Monthly Climatological Summary for Dec 2016

Name: Oslo weather   City: Oslo   State: Vika
Elevation: 8 m  Lat: N 59 00 00   Lon: E 010 00 00

                  Temperature (°C), Rain (mm), Wind Speed (m/s)

                                      Heat  Cool        Avg
    Mean                              Deg   Deg         Wind                 Dom
Day Temp  High   Time   Low    Time   Days  Days  Rain  Speed High   Time    Dir
----------------------------------------------------------------------------------
01   2.0   3.2   16:30   0.0   09:42   6.3   0.0   0.0   0.0   2.0   19:20   NNE
02   2.6   9.6   12:12   0.0   23:51  15.6   0.0   0.0   0.0   3.0   13:14   NNE
03   0.2   2.1   00:19  -1.4   05:47  18.1   0.0   0.0   0.0   1.0   00:13   NNE
04  -0.2   2.4   12:11  -2.0   06:52  18.5   0.0   0.0   0.0   1.0   13:52   ENE
05   5.8   9.6   13:07   0.8   00:00  12.5   0.0   0.0   0.0   3.0   09:28    NE
06   0.2   2.0   00:00  -1.0   23:26  18.1   0.0   0.0   0.0   2.0   19:19    NE
07   2.8   5.2   20:49  -1.2   00:36  15.5   0.0   4.8   0.0   2.0   16:41     S
08   6.8  12.2   14:07   4.7   04:44  11.5   0.0   0.0   0.0   3.0   16:37   ENE
09   5.5  11.0   12:40   2.7   08:58  12.8   0.0   0.0   0.0   2.0   07:43   NNE
10   3.5   5.1   00:50   2.1   07:36  14.8   0.0   0.9   0.0   2.0   13:57    NE
11   2.1   3.3   12:49   0.0   12:41  16.2   0.0   0.0   0.0   5.0   17:53    NE
12   0.8   3.5   13:14  -0.6   22:52  17.5   0.0   0.0   0.1   3.0   12:43     S
13   0.0   5.3   12:48  -2.2   19:53  18.3   0.0   0.0   0.0   2.0   17:14   WNW
14  -1.6   4.5   12:53  -3.9   23:57  19.9   0.0   0.0   0.0   2.0   02:19     N
15  -3.0  -0.6   23:45  -4.9   02:53  21.3   0.0   0.0   0.0   2.0   06:20    SW
16   1.5   1.8   22:54   0.0   09:44   3.6   0.0   0.0   0.0   1.0   22:59    SW
17   0.8   1.8   00:29  -0.5   23:29  17.5   0.0   0.0   0.0   2.0   21:49   SSW
18  -0.9   0.9   22:59  -2.6   08:24  19.2   0.0   0.0   0.0   1.0   04:49     N
19   1.2   2.3   23:50   0.1   06:14  17.0   0.0   0.3   0.0   1.0   12:21   WSW
20   3.4   5.7   17:13   1.9   02:23  14.9   0.0   0.3   0.3   5.0   21:39   SSW
21   4.7   6.7   21:13   2.8   11:25  13.6   0.0   0.3   0.8   7.0   09:37   SSW
22   4.7   7.9   12:57   2.8   05:30  13.6   0.0   0.0   0.5   5.0   14:37   SSW
23   3.8   7.0   13:00   1.3   05:58  14.5   0.0   1.8   0.4   8.0   22:16   SSW
24   5.0   7.6   02:33   2.1   21:26  13.3   0.0   0.9   0.9   6.0   00:43   SSW
25   4.5   7.1   22:15   1.5   05:20  13.8   0.0   0.0   0.3   5.0   03:17   SSW
26   4.8   7.8   23:45   2.9   17:39  13.5   0.0   0.0   0.5   6.0   18:32   SSW
27   4.7   9.3   12:56   0.7   20:57  13.6   0.0   0.0   0.2   5.0   01:44     N
28   0.6   2.0   12:17  -0.3   07:59  17.7   0.0   0.0   0.0   1.0   10:16   NNE
29   0.4   1.4   13:40  -0.3   07:18  17.9   0.0   0.0   0.0   2.0   08:31    SW
30   3.7   9.4   23:19  -0.6   04:49  14.5   0.0   0.0   0.1   3.0   21:51   NNE
31   7.3   9.6   10:45   3.2   23:18  11.0   0.0   0.0   0.2   5.0   00:42   SSW
----------------------------------------------------------------------------------
     2.5  12.2     8    -4.9    15   466.1   0.0   9.3   0.1   8.0    23     SSW

Max >=  27.0  0
Max <=   0.0  1
Min <=   0.0 17
Min <= -18.0  0
Max Rain: 4.8 on day 7
Days of Rain: 7 (>= 0.2 mm)  1 (>= 2.0 mm)  0 (>= 20.0 mm)
Heat Base: 18.3  Cool Base: 18.3  Method: Integration