89.5FM RADIO

Sorry this site have a flash based native radio and needed adobe flash 10+ support.
Download Flash here.

NOAA-Style Climate Reports

Select a Year or Month report
2018: Jan Feb Mar Apr May Jun Jul Aug Sep Oct Nov Dec
2017: Jan Feb Mar Apr May Jun Jul Aug Sep Oct Nov Dec
2016: Jan Feb Mar Apr May Jun Jul Aug Sep Oct Nov Dec
2015: Jan Feb Mar Apr May Jun Jul Aug Sep Oct Nov Dec

Report for 2016 November
                   Monthly Climatological Summary for Nov 2016

Name: Oslo weather   City: Oslo   State: Vika
Elevation: 8 m  Lat: N 59 00 00   Lon: E 010 00 00

                  Temperature (°C), Rain (mm), Wind Speed (m/s)

                                      Heat  Cool        Avg
    Mean                              Deg   Deg         Wind                 Dom
Day Temp  High   Time   Low    Time   Days  Days  Rain  Speed High   Time    Dir
----------------------------------------------------------------------------------
01   6.1   8.2   12:50   4.1   23:27  12.2   0.0   0.3   0.0   5.0   22:10     N
02   4.2  10.5   11:28   0.5   23:29  14.1   0.0   0.3   0.0   3.0   11:50   NNE
03   1.4   9.0   14:31  -1.7   07:50  16.9   0.0   0.0   0.0   2.0   10:44    NE
04   0.9   1.7   16:06   0.0   05:58   5.7   0.0   0.0   0.0   3.0   17:02    NE
05   1.2   2.7   14:21  -0.2   23:54  17.1   0.0   3.9   0.7   6.0   22:30    NE
06  -1.1   0.9   12:50  -3.5   23:55  19.4   0.0   0.0   0.1   5.0   02:53    NE
07  -3.5   2.4   13:14  -5.5   07:34  21.8   0.0   0.0   0.0   3.0   00:38    NE
08  -3.0  -1.0   12:59  -4.4   00:26  21.3   0.0   0.3   0.0   4.0   11:32    NE
09  -2.1   0.9   13:20  -3.2   00:37  20.4   0.0   0.0   0.0   4.0   07:42    NE
10  -1.4   0.1   12:45  -3.5   04:11  19.7   0.0   0.0   0.0   2.0   15:34    NE
11  -2.6   3.7   11:36  -5.2   07:12  20.9   0.0   0.0   0.0   2.0   15:10    SE
12  -2.3   0.8   23:45  -4.4   08:21  20.6   0.0   0.0   0.0   2.0   04:32   NNE
13   3.5   6.3   13:07   0.7   00:08  14.8   0.0   0.0   0.0   2.0   22:28    NE
14   5.2   7.1   19:16   2.8   05:28  13.1   0.0   3.3   0.0   2.0   03:09     N
15   1.8   7.0   00:00   0.0   07:24  16.5   0.0   0.3   0.0   1.0   01:10     N
16   0.0   0.0   00:00   0.0   00:00  18.3   0.0   0.0   0.0   0.0   00:00     N
17   0.0   0.0   00:00   0.0   00:00  18.3   0.0   0.0   0.0   0.0   00:00     N
18   0.0   0.0   00:00   0.0   00:00  18.3   0.0   0.0   0.0   0.0   00:00     N
19   0.0   0.0   00:00   0.0   00:00  18.3   0.0   0.0   0.0   0.0   00:00     N
20   0.0   0.0   00:00   0.0   00:00  18.3   0.0   0.0   0.0   0.0   00:00     N
21   2.4   8.5   12:13  -3.7   11:59  15.9   0.0  96.3   0.0   3.0   12:38    NE
22   5.3   6.6   10:16   4.3   15:07  13.0   0.0   1.5   0.0   3.0   06:26    NE
23   7.9  14.3   11:46   4.3   23:56  10.4   0.0   0.0   0.2   4.0   02:44   SSW
24   3.3   5.8   13:51   1.0   23:46  15.0   0.0   0.0   0.0   2.0   07:44    NE
25   4.2   8.0   23:59   1.1   00:00  14.1   0.0   0.3   0.0   1.0   12:00   NNE
26   7.2  12.9   11:47   3.8   23:46  11.1   0.0   0.0   0.0   4.0   17:22   NNE
27   3.8   9.7   12:45   0.7   23:46  14.5   0.0   0.0   0.0   4.0   12:13     N
28   1.1   6.2   13:58  -1.0   20:38  17.2   0.0   0.0   0.0   2.0   01:41    NE
29  -0.4   2.0   12:36  -1.6   06:09  18.7   0.0   0.0   0.0   2.0   11:53   NNE
30   1.0   8.3   13:57  -1.4   00:09  17.3   0.0   0.0   0.0   2.0   08:25    NE
----------------------------------------------------------------------------------
     1.5  14.3    23    -5.5     7   493.2   0.0 106.5   0.0   6.0     5      NE

Max >=  27.0  0
Max <=   0.0  6
Min <=   0.0 20
Min <= -18.0  0
Max Rain: 96.3 on day 21
Days of Rain: 9 (>= 0.2 mm)  3 (>= 2.0 mm)  1 (>= 20.0 mm)
Heat Base: 18.3  Cool Base: 18.3  Method: Integration