89.5FM RADIO

Sorry this site have a flash based native radio and needed adobe flash 10+ support.
Download Flash here.

NOAA-Style Climate Reports

Select a Year or Month report
2018: Jan Feb Mar Apr May Jun Jul Aug Sep Oct Nov Dec
2017: Jan Feb Mar Apr May Jun Jul Aug Sep Oct Nov Dec
2016: Jan Feb Mar Apr May Jun Jul Aug Sep Oct Nov Dec
2015: Jan Feb Mar Apr May Jun Jul Aug Sep Oct Nov Dec

Report for 2016 October
                   Monthly Climatological Summary for Oct 2016

Name: Oslo weather   City: Oslo   State: Vika
Elevation: 8 m  Lat: N 59 00 00   Lon: E 010 00 00

                  Temperature (°C), Rain (mm), Wind Speed (m/s)

                                      Heat  Cool        Avg
    Mean                              Deg   Deg         Wind                 Dom
Day Temp  High   Time   Low    Time   Days  Days  Rain  Speed High   Time    Dir
----------------------------------------------------------------------------------
01  11.2  19.4   15:08   6.7   07:44   7.1   0.0   0.0   0.0   2.0   14:24   NNE
02  10.2  19.9   15:07   6.4   05:32   8.2   0.0   0.0   0.0   3.0   11:21   ENE
03   9.1  19.5   15:08   4.9   07:40   9.2   0.0   0.0   0.0   1.0   10:51    SW
04   8.6  18.3   15:09   4.6   05:55   9.7   0.0   0.0   0.0   3.0   10:43    NE
05   7.4  17.3   15:08   3.1   07:18  10.4   0.0   0.0   0.0   2.0   15:42   ENE
06   9.0  17.1   15:07   3.4   05:49   9.3   0.0   0.0  ----   3.0   13:48    NE
07  12.0  16.6   14:59   9.0   03:40   6.3   0.0   0.0  ----   4.0   13:57   ENE
08   9.7  13.1   14:39   7.3   22:58   8.6   0.0   0.0  ----   3.0   13:54    NE
09   7.6   8.9   16:44   6.5   04:55  10.7   0.0   0.0  ----   4.0   12:26    NE
10   8.4  11.7   14:59   5.9   23:25   9.9   0.0   0.0  ----   5.0   10:46   ENE
11   6.8   7.6   14:51   6.1   00:00  10.5   0.0   0.0  ----   2.0   02:58    NE
12   5.5   6.2   00:07   4.6   09:41  12.8   0.0   0.0  ----   2.0   09:37    NE
13   5.0   6.2   13:54   3.0   23:28  13.3   0.0   0.0  ----   2.0   20:44    NE
14   2.6   3.5   13:59   1.7   09:59  15.7   0.0   0.0  ----   2.0   09:59    NE
15   5.3   6.7   23:20   2.8   00:22  13.0   0.0   0.0  ----   3.0   13:32    NE
16   7.6   9.1   13:07   6.6   06:29  10.7   0.0   0.0  ----   2.0   10:54    NE
17   7.8   8.3   14:47   7.2   06:59  10.5   0.0   0.0  ----   3.0   13:07   ENE
18   8.5   8.7   03:28   8.1   08:23   9.8   0.0   0.0  ----   3.0   10:15    NE
19   9.2  10.4   14:55   8.0   04:07   9.1   0.0   0.0  ----   2.0   23:42    NE
20   8.4   9.4   00:00   7.1   23:56   9.9   0.0   0.0  ----   3.0   02:35    NE
23   0.0   0.0   01:36   0.0   01:36   0.0   0.0   0.0  ----   0.0   01:36     N
24   7.1   7.9   14:40   0.0   00:00  14.7   0.0   0.3  ----   2.0   14:25     N
25   6.7   8.9   12:55   4.3   23:55  11.6   0.0   0.3  ----   2.0   01:15    NE
26   6.0  10.0   23:40   3.1   05:15  12.3   0.0   0.0  ----   4.0   17:40    NE
27   9.2  10.8   13:40   6.9   06:25   9.1   0.0   0.0  ----   4.0   20:45    SW
28   9.6  15.5   11:30   6.7   21:50   8.7   0.0   0.0  ----   4.0   13:15     N
29   8.2  16.5   11:40   4.4   07:30  10.1   0.0   0.0  ----   2.0   12:00   NNE
30   6.8  16.0   11:45   3.1   07:00  11.5   0.0   0.0  ----   1.0   00:00   WSW
31   7.5   9.5   13:07   6.5   01:40  10.8   0.0   0.6  ----   2.0   15:42    NE
----------------------------------------------------------------------------------
     7.6  19.9     2     0.0    23   293.5   0.0   1.2   0.0   5.0    10      NE

Max >=  27.0  0
Max <=   0.0  1
Min <=   0.0  2
Min <= -18.0  0
Max Rain: 0.6 on day 31
Days of Rain: 3 (>= 0.2 mm)  0 (>= 2.0 mm)  0 (>= 20.0 mm)
Heat Base: 18.3  Cool Base: 18.3  Method: Integration