89.5FM RADIO

Sorry this site have a flash based native radio and needed adobe flash 10+ support.
Download Flash here.

NOAA-Style Climate Reports

Select a Year or Month report
2018: Jan Feb Mar Apr May Jun Jul Aug Sep Oct Nov Dec
2017: Jan Feb Mar Apr May Jun Jul Aug Sep Oct Nov Dec
2016: Jan Feb Mar Apr May Jun Jul Aug Sep Oct Nov Dec
2015: Jan Feb Mar Apr May Jun Jul Aug Sep Oct Nov Dec

Report for 2016 September
                   Monthly Climatological Summary for Sep 2016

Name: Oslo weather   City: Oslo   State: Vika
Elevation: 8 m  Lat: N 59 00 00   Lon: E 010 00 00

                  Temperature (°C), Rain (mm), Wind Speed (m/s)

                                      Heat  Cool        Avg
    Mean                              Deg   Deg         Wind                 Dom
Day Temp  High   Time   Low    Time   Days  Days  Rain  Speed High   Time    Dir
----------------------------------------------------------------------------------
01  18.8  27.7   15:47  15.4   23:47   1.0   1.4   0.0   0.0   3.0   00:20   SSW
02  17.0  21.9   16:23  14.4   06:27   1.7   0.4   0.0   0.0   4.0   15:13    NE
03  18.5  28.5   15:42  14.3   23:55   1.4   1.6   0.0   0.0   2.0   13:07     N
04  16.9  29.3   15:47  10.7   06:40   2.8   1.3   0.0   0.0   3.0   12:21   ENE
05  16.3  26.5   16:27  10.8   05:47   2.8   0.8   0.0   0.0   3.0   23:41   WNW
06  19.2  20.8   12:17   0.0   09:38   0.0   0.5   0.0   0.0   4.0   13:07   WSW
07  20.3  29.5   16:15  15.4   06:33   0.6   2.5   0.0   0.0   2.0   13:44    SW
08  19.6  30.0   15:44  14.0   06:31   1.0   2.3   0.0   0.0   3.0   12:08    NE
09  18.8  21.2   15:17  16.1   23:59   0.2   0.7   0.0   0.0   4.0   17:39    NE
10  18.2  19.6   15:47  16.0   00:11   0.5   0.4   0.0   0.0   2.0   04:51     N
11  18.9  27.1   16:25  13.8   23:58   0.8   1.4   2.1   0.0   5.0   05:47   NNW
12  15.7  25.6   15:26   9.8   06:46   3.2   0.6   0.0   0.0   3.0   12:49   SSE
13  18.8  28.1   15:59  15.7   03:40   0.9   1.4   0.0   0.0   2.0   12:20    SW
14  19.0  27.9   15:17  14.8   06:11   1.0   1.7   0.0   0.0   2.0   10:55   WSW
15  19.0  26.0   15:13  16.9   06:41   0.5   1.2   0.0   0.0   1.0   12:52    SW
16  19.3  28.8   15:18  16.6   23:30   0.4   1.4   0.6   0.0   3.0   14:20    NE
17  14.3  15.1   21:58   0.0   11:45   0.3   0.0   0.0   0.0   0.0   22:43    NE
18  15.9  24.2   15:11  11.8   06:58   3.0   0.5   0.0   0.0   2.0   11:25   WSW
19  15.6  27.7   15:21  11.8   07:16   3.3   0.6   0.3   0.0   2.0   12:19   WSW
20  16.4  25.1   15:12  11.4   06:09   2.8   0.9   0.0   0.0   2.0   13:39    SW
21  16.3  18.8   14:06  13.9   03:34   2.1   0.0   0.3   0.0   2.0   18:45    NE
22  15.9  17.3   14:33  14.8   23:31   2.4   0.0   0.3   0.0   2.0   15:52    NE
23  13.7  15.8   16:40   9.9   23:51   4.6   0.0   1.5   0.0   2.0   14:48    NE
24  12.6  19.5   15:12   7.7   07:29   5.7   0.0   0.0   0.0   3.0   14:24   SSW
25  17.2  22.9   15:07  15.3   05:53   1.5   0.4   0.0   0.0   3.0   12:14   WSW
26  16.2  20.9   14:43  13.0   23:53   2.4   0.2   0.0   0.1   5.0   04:10    NE
27  14.2  17.6   13:21  11.2   07:17   4.1   0.0   2.4   0.1   8.0   18:24    NE
28  15.6  23.0   15:21  13.3   06:45   2.8   0.1   0.0   0.0   3.0   00:26    SW
29  14.8  22.1   14:56  11.0   04:43   3.6   0.1   2.7   0.4   5.0   16:32    SW
30  13.5  16.2   16:23  11.2   07:52   4.8   0.0   0.0   0.2   5.0   16:48    SW
----------------------------------------------------------------------------------
    16.9  30.0     8     0.0     6    62.2  22.4  10.2   0.0   8.0    27     WSW

Max >=  27.0 10
Max <=   0.0  0
Min <=   0.0  2
Min <= -18.0  0
Max Rain: 2.7 on day 29
Days of Rain: 8 (>= 0.2 mm)  3 (>= 2.0 mm)  0 (>= 20.0 mm)
Heat Base: 18.3  Cool Base: 18.3  Method: Integration