89.5FM RADIO

Sorry this site have a flash based native radio and needed adobe flash 10+ support.
Download Flash here.

NOAA-Style Climate Reports

Select a Year or Month report
2018: Jan Feb Mar Apr May Jun Jul Aug Sep Oct Nov Dec
2017: Jan Feb Mar Apr May Jun Jul Aug Sep Oct Nov Dec
2016: Jan Feb Mar Apr May Jun Jul Aug Sep Oct Nov Dec
2015: Jan Feb Mar Apr May Jun Jul Aug Sep Oct Nov Dec

Report for 2016 August
                   Monthly Climatological Summary for Aug 2016

Name: Oslo weather   City: Oslo   State: Vika
Elevation: 8 m  Lat: N 59 00 00   Lon: E 010 00 00

                  Temperature (°C), Rain (mm), Wind Speed (m/s)

                                      Heat  Cool        Avg
    Mean                              Deg   Deg         Wind                 Dom
Day Temp  High   Time   Low    Time   Days  Days  Rain  Speed High   Time    Dir
----------------------------------------------------------------------------------
01  19.0  27.4   15:53  12.8   05:38   1.3   2.0   0.0   0.0   3.0   11:40   WSW
02  20.0  28.4   15:43  14.0   05:07   1.2   2.9   0.0   0.0   3.0   17:31    SW
03  18.5  25.9   09:55  12.9   05:51   1.6   1.8   0.3   0.0   4.0   13:17   SSW
04  17.4  27.1   15:25  14.0   03:32   1.7   0.8   2.7   0.0   2.0   23:31   ESE
05  21.0  25.9   12:55   0.0   10:25   0.0   1.5   0.0   0.0   3.0   13:15    NE
06  17.4  22.1   16:26  14.9   13:11   1.0   0.1   9.9   0.0   2.0   00:29   NNE
07  17.2  21.3   12:39  15.3   16:48   1.4   0.3   0.9   0.0   5.0   18:47    NW
08  16.6  21.1   16:14  14.1   10:07   1.8   0.1  12.3   0.2   6.0   08:59    SW
09  15.6  24.0   11:59  12.1   23:58   3.1   0.4   0.6   0.0   3.0   08:07    SW
10  13.1  23.6   16:07   8.9   07:31   5.4   0.2   2.4   0.1   4.0   04:57   NNE
11  16.1  26.0   16:24   9.7   06:35   3.4   1.3   0.0   0.0   3.0   17:54    SW
12  13.4  16.3   23:49   9.8   05:12   4.9   0.0   1.5   0.0   3.0   16:17    SW
13  18.5  24.9   10:07  14.9   06:17   1.0   1.2   0.0   0.0   2.0   03:25    SW
14  19.2  29.3   16:40  14.6   06:36   1.2   2.1   0.0   0.0   2.0   18:23   SSW
15  19.4  26.8   16:17  13.8   07:07   1.3   2.4   0.0   0.0   3.0   14:58     W
16  21.0  31.2   16:25  15.5   05:21   0.9   3.6   0.0   0.0   2.0   10:46   NNE
17  21.7  31.8   16:38  13.6   06:17   1.3   4.6   0.0   0.1   4.0   20:26    NE
18  21.0  28.5   12:12  15.0   05:43   0.7   3.4   0.0   0.0   3.0   08:29     N
19  19.8  29.1   15:46  15.6   04:22   0.6   2.1   0.0   0.0   2.0   09:46     N
20  18.4  24.7   16:30  15.6   04:22   1.1   1.2   0.3   0.0   2.0   10:36    NE
21  18.6  28.0   15:36  15.5   00:45   1.1   1.4   2.1   0.0   3.0   13:17     W
22  17.5  22.3   15:57  15.0   04:28   1.3   0.5   0.3   0.0   3.0   14:49   WSW
23  19.8  30.1   15:56  15.8   03:17   0.7   2.2   0.0   0.0   3.0   12:30   ENE
24  17.9  20.3   13:15  16.7   05:21   0.6   0.2   0.0   0.0   3.0   10:34   NNW
25  18.6  19.3   14:08  18.1   00:00   0.0   0.4   0.3   0.0   2.0   17:30    NE
26  19.3  21.7   16:12  17.7   04:31   0.1   1.2   3.0   0.0   5.0   16:43   WSW
27  19.6  27.7   12:32  14.7   07:23   1.1   2.3   0.6   0.0   3.0   00:14     W
28  14.5  16.6   12:44  12.3   05:20   3.8   0.0   0.0   0.0   2.0   09:42   ENE
29  14.6  21.5   16:45  12.3   03:20   3.8   0.1   0.3   0.0   2.0   12:40    NE
30  15.1  20.0   12:48  10.0   04:58   3.4   0.2   0.0   0.0   3.0   14:39    SW
31  17.8  24.8   12:30  12.8   05:52   1.6   1.1   0.0   0.0   4.0   13:27   ESE
----------------------------------------------------------------------------------
    18.0  31.8    17     0.0     5    52.4  41.6  37.5   0.0   6.0     8     WNW

Max >=  27.0 11
Max <=   0.0  0
Min <=   0.0  1
Min <= -18.0  0
Max Rain: 12.3 on day 8
Days of Rain: 15 (>= 0.2 mm)  6 (>= 2.0 mm)  0 (>= 20.0 mm)
Heat Base: 18.3  Cool Base: 18.3  Method: Integration