89.5FM RADIO

Sorry this site have a flash based native radio and needed adobe flash 10+ support.
Download Flash here.

NOAA-Style Climate Reports

Select a Year or Month report
2018: Jan Feb Mar Apr May Jun Jul Aug Sep Oct Nov Dec
2017: Jan Feb Mar Apr May Jun Jul Aug Sep Oct Nov Dec
2016: Jan Feb Mar Apr May Jun Jul Aug Sep Oct Nov Dec
2015: Jan Feb Mar Apr May Jun Jul Aug Sep Oct Nov Dec

Report for 2016 July
                   Monthly Climatological Summary for Jul 2016

Name: Oslo weather   City: Oslo   State: Vika
Elevation: 8 m  Lat: N 59 00 00   Lon: E 010 00 00

                  Temperature (°C), Rain (mm), Wind Speed (m/s)

                                      Heat  Cool        Avg
    Mean                              Deg   Deg         Wind                 Dom
Day Temp  High   Time   Low    Time   Days  Days  Rain  Speed High   Time    Dir
----------------------------------------------------------------------------------
01  15.2  17.3   12:09  13.6   04:07   3.1   0.0   0.6   0.1   5.0   16:20   NNE
02  15.5  21.3   10:31  13.4   06:07   2.9   0.1   2.1   0.0   4.0   16:44   NNE
03  18.7  25.3   14:59   0.0   10:23   0.4   0.6   0.0   0.1   3.0   20:50    NE
04  18.8  26.8   12:37  11.6   04:59   1.7   2.2   0.3   0.0   3.0   14:58   SSW
05  17.9  25.7   12:47  12.8   03:54   1.7   1.4   0.0   0.0   4.0   15:14    NE
06  18.5  26.1   16:36  13.5   04:14   1.2   1.4   0.9   0.0   3.0   09:07   SSE
07  19.1  26.9   15:53  13.5   04:43   1.2   2.0   0.0   0.0   3.0   18:38    SW
08  20.8  31.2   15:43  15.5   02:41   0.9   3.3   0.0   0.0   2.0   00:30   SSW
09  20.1  31.0   16:06  15.0   04:45   0.9   2.8   0.0   0.0   2.0   12:12   WNW
10  20.1  26.3   15:07  15.8   04:46   0.4   2.2   0.0   0.0   3.0   15:22   ENE
11  18.8  26.5   11:27  16.7   23:55   0.6   1.1   0.6   0.0   3.0   11:45    SW
12  19.0  30.0   15:17  15.9   04:53   0.9   1.6   0.3   0.0   2.0   02:24    SW
13  19.0  28.6   11:48  16.2   03:58   0.6   1.3   0.9   0.0   2.0   23:22    SW
14  18.9  25.5   15:53  16.2   00:45   0.8   1.4   9.9   0.0   2.0   18:36   NNE
15  21.5  30.8   16:15  15.5   04:20   0.7   3.9   0.0   0.0   3.0   11:44   SSW
16  21.0  27.1   11:05  17.0   08:07   0.2   2.9   0.0   0.0   6.0   12:45     N
17  18.2  24.6   15:47  12.7   04:08   1.3   1.2   0.0   0.0   3.0   14:17    SW
18  20.2  27.7   09:41  12.9   05:11   1.1   3.0   0.0   0.0   2.0   12:24   SSW
21  22.6  23.6   22:03   0.0   10:25   0.0   0.4   0.0   0.0   1.0   22:15     N
22  23.9  31.3   16:30  19.8   05:32   0.0   5.6   0.0   0.0   3.0   19:32   WSW
23  22.8  28.6   10:36  19.1   04:41   0.0   4.5   0.0   0.0   2.0   10:52    NW
24  23.7  32.4   15:16  17.9   05:15   0.0   5.4   0.0   0.0   3.0   16:28    SW
25  22.3  31.0   12:49  19.0   22:36   0.0   4.0   0.0   0.0   3.0   15:16    SW
26  20.5  26.0   12:48  18.0   04:31   0.0   2.2   0.9   0.0   5.0   20:40   NNE
27  19.1  25.8   11:38  15.6   04:13   0.7   1.5   1.2   0.0   4.0   19:48   NNE
28  21.1  29.6   16:05  16.2   00:00   0.5   3.3   2.1   0.0   5.0   03:12    NW
29  18.5  22.9   15:13  15.9   06:07   0.8   1.0   3.9   0.0   4.0   21:07   NNE
30  19.5  29.4   15:46  15.2   03:34   1.1   2.3   2.1   0.0   3.0   11:07    SW
31  19.5  28.7   15:42 -13.2   05:38   1.8   3.0   0.0   0.0  54.0   05:38    SW
----------------------------------------------------------------------------------
    19.8  32.4    24   -13.2    31    25.5  65.6  25.8   0.0  54.0    31     NNE

Max >=  27.0 14
Max <=   0.0  0
Min <=   0.0  3
Min <= -18.0  0
Max Rain: 9.9 on day 14
Days of Rain: 13 (>= 0.2 mm)  5 (>= 2.0 mm)  0 (>= 20.0 mm)
Heat Base: 18.3  Cool Base: 18.3  Method: Integration