89.5FM RADIO

Sorry this site have a flash based native radio and needed adobe flash 10+ support.
Download Flash here.

NOAA-Style Climate Reports

Select a Year or Month report
2018: Jan Feb Mar Apr May Jun Jul Aug Sep Oct Nov Dec
2017: Jan Feb Mar Apr May Jun Jul Aug Sep Oct Nov Dec
2016: Jan Feb Mar Apr May Jun Jul Aug Sep Oct Nov Dec
2015: Jan Feb Mar Apr May Jun Jul Aug Sep Oct Nov Dec

Report for 2016 June
                   Monthly Climatological Summary for Jun 2016

Name: Oslo weather   City: Oslo   State: Vika
Elevation: 8 m  Lat: N 59 00 00   Lon: E 010 00 00

                  Temperature (°C), Rain (mm), Wind Speed (m/s)

                                      Heat  Cool        Avg
    Mean                              Deg   Deg         Wind                 Dom
Day Temp  High   Time   Low    Time   Days  Days  Rain  Speed High   Time    Dir
----------------------------------------------------------------------------------
01  25.9  35.9   12:10  18.7   05:08   0.0   7.6   0.0   0.0   2.0   12:37    SW
02  25.3  33.2   13:42  20.2   04:08   0.0   7.0   0.0   0.0   2.0   09:21    SW
03  25.9  38.5   14:15  18.7   04:58   0.0   7.6   0.0   0.0   3.0   14:57    SW
04  22.5  31.5   12:23  15.7   06:19   0.3   4.5   0.0   0.0   3.0   12:35   WSW
05  22.3  32.9   12:56  15.3   05:39   0.4   4.4   0.0   0.0   3.0   13:32    NE
06  20.8  30.5   13:04  15.0   05:11   0.6   3.1   0.0   0.0   2.0   09:12    SW
07  20.8  31.8   12:49  16.2   23:51   0.5   3.0   0.0   0.0   1.0   09:15    SW
08  19.9  29.6   12:51  14.7   03:32   1.2   2.8   0.0   0.0   1.0   10:39     W
09  16.7  27.6   14:15  10.4   05:18   2.9   1.3   0.0   0.0   2.0   22:44   NNW
10  17.2  27.3   13:04  10.3   05:48   4.8   1.4   0.0   0.0   2.0   15:05   SSW
11  18.0  24.0   11:01   0.0   00:02   5.3   0.4   0.0   0.0   2.0   10:28   SSW
12  20.2  32.2   12:12  12.5   05:13   1.6   3.4   0.0   0.0   2.0   10:58     S
13  21.3  32.7   15:03  12.4   04:58   1.2   4.3   0.6   0.0   2.0   17:57    SW
14  22.5  33.8   11:28  14.3   05:23   0.6   4.7   0.0   0.0   4.0   17:36    NE
15  16.9  20.9   16:22  13.7   14:59   1.7   0.3   2.7   0.0   4.0   12:11    NE
16  24.2  30.4   07:02  15.1   00:02   0.1   6.0   0.0   0.0   4.0   18:30   ENE
17  16.8  19.8   00:00   0.0   05:00   1.7   0.1  10.2   0.5  55.0   05:10   NNE
18  18.9  24.5   11:20  14.5   07:43   1.1   1.8   0.0   0.0   2.0   23:40   NNE
19  16.5  24.6   16:31  11.9   05:38   2.4   0.7   0.3   0.0   3.0   08:32    NE
20  15.5  18.6   10:32  13.7   17:56   1.8   0.0   8.1   0.1   7.0   20:35   NNE
21  19.9  28.9   16:22  14.8   04:53   1.2   2.8   1.2   0.0   2.0   17:00    SW
22  18.8  25.3   14:48  14.1   04:15   1.2   1.7   0.0   0.0   4.0   20:24   NNE
23  19.1  26.0   10:13  15.8   02:16   0.9   1.7   0.0   0.0   4.0   12:36     N
24  19.1  21.3   09:29  16.4   00:56   0.4   1.2   0.0   0.0   3.0   23:12    NE
25  23.1  30.4   15:26  17.0   04:27   0.2   5.0   0.0   0.0   3.0   15:07   WSW
26  19.0  22.5   08:27  16.2   23:58   0.4   1.2   1.5   0.0   4.0   16:21    NE
27  17.7  25.3   08:44  14.3   04:50   1.4   0.8   2.1   0.0   4.0   10:45    SW
28  20.2  27.6   09:20  14.5   05:55   1.1   3.0   0.0   0.0   4.0   15:32    SW
29  18.2  25.2   10:18  13.7   04:44   1.4   1.3   0.3   0.0   4.0   18:46    NE
30  16.4  22.0   16:19  14.4   09:45   2.1   0.2   3.3   0.2   7.0   12:42    NE
----------------------------------------------------------------------------------
    20.0  38.5     3     0.0    11    38.5  83.3  30.3   0.0  55.0    17     NNE

Max >=  27.0 17
Max <=   0.0  0
Min <=   0.0  2
Min <= -18.0  0
Max Rain: 10.2 on day 17
Days of Rain: 10 (>= 0.2 mm)  5 (>= 2.0 mm)  0 (>= 20.0 mm)
Heat Base: 18.3  Cool Base: 18.3  Method: Integration