89.5FM RADIO

Sorry this site have a flash based native radio and needed adobe flash 10+ support.
Download Flash here.

NOAA-Style Climate Reports

Select a Year or Month report
2018: Jan Feb Mar Apr May Jun Jul Aug Sep Oct Nov Dec
2017: Jan Feb Mar Apr May Jun Jul Aug Sep Oct Nov Dec
2016: Jan Feb Mar Apr May Jun Jul Aug Sep Oct Nov Dec
2015: Jan Feb Mar Apr May Jun Jul Aug Sep Oct Nov Dec

Report for 2016 March
                   Monthly Climatological Summary for Jan 2016

Name: Oslo weather   City: Oslo   State: Vika
Elevation: 8 m  Lat: N 59 00 00   Lon: E 010 00 00

                  Temperature (°C), Rain (mm), Wind Speed (m/s)

                                      Heat  Cool        Avg
    Mean                              Deg   Deg         Wind                 Dom
Day Temp  High   Time   Low    Time   Days  Days  Rain  Speed High   Time    Dir
----------------------------------------------------------------------------------
01   3.1   3.9   13:52   2.4   00:09  15.2   0.0   3.6   0.1   6.0   15:13    NE
02  -0.2   2.9   00:00  -3.1   23:59  18.5   0.0   0.3   0.2   7.0   07:49   NNE
03  -3.6  -3.1   00:00  -4.5   22:16  21.9   0.0   0.0   0.2   8.0   13:29    NE
04  -4.8  -4.1   12:29  -5.9   23:07  23.1   0.0   0.0   0.4   5.0   15:55    NE
05  -5.2  -2.5   14:28  -6.8   23:23  23.5   0.0   0.0   0.1   4.0   15:18    NE
06  -8.5  -2.0   12:30 -10.7   22:58  26.8   0.0   0.0   0.3   5.0   14:15    NE
07  -9.2  -4.3   12:14 -10.7   08:29  27.5   0.0   0.0   0.2   3.0   12:21    NE
08  -7.0  -5.2   12:38  -8.4   00:19  25.3   0.0   0.0   0.2   5.0   22:58   NNE
09  -6.5  -4.8   12:42  -7.0   19:14  24.8   0.0   0.0   0.3   7.0   18:25    NE
10  -4.1   0.1   23:53  -6.9   00:11  22.4   0.0   0.0   0.3   6.0   09:42   NNE
11   0.6   1.4   13:21   0.1   00:00  17.7   0.0   0.0   0.1   4.0   07:48   NNE
12  -0.9   0.3   00:01  -2.6   23:51  19.2   0.0   0.0   0.1   4.0   08:51   NNE
13  -4.4   2.3   12:20  -9.5   23:57  22.6   0.0   0.0   0.1   3.0   14:35    NE
14  -9.0  -2.2   13:36 -11.7   23:45  27.3   0.0   0.0   0.2   4.0   11:41    NE
15  -9.7  -0.1   12:24 -13.2   08:34  28.0   0.0   0.0   0.1   3.0   14:13    NE
16  -6.9  -0.3   14:17  -9.9   23:40  25.2   0.0   0.0   0.0   2.0   09:24    NE
17  -8.5   1.5   13:20 -11.5   09:12  26.8   0.0   0.0   0.0   2.0   09:59   NNE
18  -8.4  -6.0   14:46  -9.5   22:37  26.7   0.0   0.0   0.0   2.0   07:48   NNE
19  -9.0  -2.3   12:20 -11.7   08:29  27.3   0.0   0.0   0.0   1.0   00:58    NE
20  -7.6   3.0   14:26 -11.1   04:50  25.9   0.0   0.0   0.0   2.0   02:18   NNE
21  -8.1   2.5   13:55 -10.9   05:26  26.4   0.0   0.0   0.0   1.0   11:30   NNE
22  -8.6  -4.9   23:21 -12.5   04:21  26.9   0.0   0.0   0.1   2.0   02:45    NE
23  -1.6   0.6   13:34  -4.9   00:00  19.9   0.0   0.0   0.0   3.0   11:49    SW
24  -0.8   0.0   21:08  -1.9   09:58  19.1   0.0   0.0   0.0   2.0   21:21   NNE
25   0.5   1.8   13:08  -0.7   03:21  17.8   0.0   0.3   0.1   3.0   06:47    NE
26   3.6   6.2   12:21   1.6   00:00  14.7   0.0   1.8   0.5  10.0   21:57     W
27   5.2   8.8   14:39   3.0   23:24  13.0   0.0   2.1   0.1   6.0   00:45    NW
28   5.2  15.6   12:57   0.0   00:00  13.1   0.0   0.9   0.4   5.0   18:51   WNW
29   5.3   8.1   16:24   2.5   02:31  13.0   0.0   0.3   1.2   9.0   14:47   WSW
30   4.1   6.3   14:48   0.9   23:21  14.2   0.0   0.0   1.0   7.0   06:56    SW
31   2.6  12.1   12:36  -0.4   22:54  15.7   0.0   0.0   0.1   5.0   00:42   WSW
----------------------------------------------------------------------------------
    -3.3  15.6    28   -13.2    15   669.5   0.0   9.3   0.2  10.0    26      NW

Max >=  27.0  0
Max <=   0.0 14
Min <=   0.0 25
Min <= -18.0  0
Max Rain: 3.6 on day 1
Days of Rain: 7 (>= 0.2 mm)  2 (>= 2.0 mm)  0 (>= 20.0 mm)
Heat Base: 18.3  Cool Base: 18.3  Method: Integration