89.5FM RADIO

Sorry this site have a flash based native radio and needed adobe flash 10+ support.
Download Flash here.

NOAA-Style Climate Reports

Select a Year or Month report
2018: Jan Feb Mar Apr May Jun Jul Aug Sep Oct Nov Dec
2017: Jan Feb Mar Apr May Jun Jul Aug Sep Oct Nov Dec
2016: Jan Feb Mar Apr May Jun Jul Aug Sep Oct Nov Dec
2015: Jan Feb Mar Apr May Jun Jul Aug Sep Oct Nov Dec

Report for 2016 February
                   Monthly Climatological Summary for Feb 2016

Name: Oslo weather   City: Oslo   State: Vika
Elevation: 8 m  Lat: N 59 00 00   Lon: E 010 00 00

                  Temperature (°C), Rain (mm), Wind Speed (m/s)

                                      Heat  Cool        Avg
    Mean                              Deg   Deg         Wind                 Dom
Day Temp  High   Time   Low    Time   Days  Days  Rain  Speed High   Time    Dir
----------------------------------------------------------------------------------
01   0.0   1.8   22:48  -2.1   03:43  18.2   0.0   0.9   0.1   3.0   14:31     N
02   3.0   4.3   17:24   0.9   00:00  15.3   0.0   0.6   0.1   4.0   09:15   WSW
03   3.0  11.2   12:45  -0.1   08:58  15.3   0.0   0.0   0.0   3.0   03:15     N
04   1.9  15.0   13:07  -2.3   05:07  16.4   0.0   0.0   0.0   2.0   13:28   NNE
05   0.3   4.8   12:27  -1.2   02:07  17.9   0.0   0.0   0.0   2.0   16:27   WSW
06   4.1   6.2   14:47   1.3   00:00  14.2   0.0   3.0   0.3   6.0   09:27     W
07   5.6   6.3   02:25   4.0   23:22  12.7   0.0   0.9   1.0   8.0   03:13     W
08   4.1   5.4   04:07   1.8   11:57  14.1   0.0   4.5   1.0   8.0   05:10   WNW
09   4.6   8.6   13:55   3.0   19:39  13.6   0.0   0.6   0.1   3.0   01:47    NW
10   4.0   7.4   12:56   2.2   21:33  14.3   0.0   0.6   0.0   3.0   14:32   NNE
11   2.5   9.1   13:54  -1.5   23:24  15.8   0.0   0.0   0.4   6.0   14:53   NNE
12  -0.6   2.5   09:33  -2.0   03:56  18.9   0.0   0.0   0.3   5.0   12:45   NNE
13  -1.5   2.1   13:31  -3.4   23:31  19.7   0.0   0.0   0.0   2.0   13:31     N
14  -2.7   6.8   09:54  -6.3   23:31  21.0   0.0   0.0   0.1   3.0   10:27   NNE
15  -2.7  10.0   15:11  -7.8   06:55  21.0   0.0   0.0   0.0   2.0   12:55   WNW
16  -2.1   7.2   14:46  -7.2   07:18  20.3   0.0   0.0   0.2   5.0   23:09    SW
17   2.3   3.7   11:32   0.0   05:00  16.0   0.0 178.5   1.3   8.0   08:33   WSW
18  -1.0   0.6   00:13  -2.2   06:11  19.3   0.0   0.0   0.2   4.0   07:20   NNE
19   0.3   2.0   21:22  -1.4   04:53  18.0   0.0   0.0   0.2   6.0   22:37   NNW
20   1.7   2.4   04:11   0.0   00:00  16.6   0.0   3.0   0.7   8.0   04:14     N
21   2.1  10.4   14:59  -1.0   06:19  16.2   0.0   0.0   0.0   2.0   00:19   WNW
22   0.6  12.1   14:54  -2.1   07:30  17.7   0.0   0.3   0.5   4.0   18:29   NNE
23   0.5  14.6   15:07  -4.3   07:07  17.7   0.0   0.0   0.1   2.0   11:52     W
24   2.1  13.1   15:10  -3.0   05:44  16.2   0.0   0.0  ----   2.0   12:47    NW
25   3.3  17.2   15:16  -0.6   23:52  15.0   0.0   0.0  ----   2.0   14:44   WSW
26   3.1  13.0   14:42  -0.9   07:24  15.2   0.0   0.0  ----   2.0   12:22   NNW
27   1.5  14.9   14:39  -3.6   07:27  16.8   0.0   0.0  ----   2.0   11:23     W
28   1.0  11.1   12:59  -3.9   06:27  17.3   0.0   0.0  ----   2.0   10:37   WSW
29  -1.4   4.7   15:22  -4.6   07:29  19.7   0.0   0.0  ----   4.0   23:36   WSW
----------------------------------------------------------------------------------
     1.4  17.2    25    -7.8    15   490.4   0.0 192.9   0.3   8.0     7     WNW

Max >=  27.0  0
Max <=   0.0  0
Min <=   0.0 23
Min <= -18.0  0
Max Rain: 178.5 on day 17
Days of Rain: 10 (>= 0.2 mm)  4 (>= 2.0 mm)  1 (>= 20.0 mm)
Heat Base: 18.3  Cool Base: 18.3  Method: Integration