89.5FM RADIO

Sorry this site have a flash based native radio and needed adobe flash 10+ support.
Download Flash here.

NOAA-Style Climate Reports

Select a Year or Month report
2018: Jan Feb Mar Apr May Jun Jul Aug Sep Oct Nov Dec
2017: Jan Feb Mar Apr May Jun Jul Aug Sep Oct Nov Dec
2016: Jan Feb Mar Apr May Jun Jul Aug Sep Oct Nov Dec
2015: Jan Feb Mar Apr May Jun Jul Aug Sep Oct Nov Dec

Report for 2016
                   Annual Climatological Summary for 2016

Name: Oslo weather   City: Oslo   State: Vika
Elevation: 8 m  Lat: N 59 00 00   Lon: E 010 00 00

                  Temperature (°C), Heat Base: 18.3  Cool Base: 18.3
                          Dep.  Heat  Cool                       Max  Max  Min  Min
        Mean  Mean        From  Deg   Deg                        >=   <=   <=   <=
 YR MO  Max   Min   Mean  Norm  Days  Days  Hi  Date  Low  Date 27.0  0.0  0.0 -18.0
------------------------------------------------------------------------------------
 16  1   0.7  -4.3  -2.6   0.0   670     0  15.6  28 -13.2   15    0   20   31    0
 16  2   4.6  -1.0   0.8   0.0   492     0  17.2  25  -7.8   15    0   12   35    0
 16  3   7.7   2.0   4.0   0.0   414     1  27.2  15  -3.2    8    1    2    7    0
 16  4  11.8   4.3   7.8   0.0   291     1  22.9  21  -8.4   14    0    1    9    0
 16  5  19.0  10.0  14.3   0.0   132    40  52.8  22 -30.3   22   11    0    7    1
 16  6  22.6  13.9  17.7   0.0    42    83  38.5   3   0.0   10   17    4    6    0
 16  7  26.8  13.6  19.7   0.0    27    66  32.4  24 -13.2   31   14    0    3    0
 16  8  24.8  13.5  18.0   0.0    52    42  31.8  17   0.0    5   11    0    1    0
 16  9  23.0  11.8  16.1   0.0    85    23  30.0   8   0.0    6   10    0    2    0
 16 10   9.5   4.2   6.3   0.0   306     0  19.9   2  -0.9   30    0    6    8    0
 16 11   3.3  -0.1   1.1   0.0   560     0  25.1  23  -5.5    7    0   24   43    0
 16 12   5.4   0.3   2.5   0.0   466     0  12.2   8  -4.9   15    0    1   17    0
------------------------------------------------------------------------------------
        13.3   5.7   8.8   0.0  3536   257  52.8 May -30.3  May   64   70  169    1

                                Precipitation (mm)

              Dep.   Max        Days of Rain
              From   Obs.           >=
 YR MO Total  Norm   Day Date  0.2  2.0 20.0
---------------------------------------------
 16  1  11.4   0.0   3.6   1     8    3    0
 16  2 371.4   0.0 178.5  17    11    5    2
 16  3  10.2   0.0   4.2   3    11    2    0
 16  4 618.3   0.0 200.1  22    18    7    3
 16  5 214.2   0.0 208.8  13     8    2    1
 16  6  30.3   0.0  10.2  17    10    5    0
 16  7  25.8   0.0   9.9  14    13    5    0
 16  8  37.5   0.0  12.3   8    15    6    0
 16  9  10.2   0.0   2.7  29     8    3    0
 16 10   1.2   0.0   0.6  31     3    0    0
 16 11 107.1   0.0  96.3  21    11    3    1
 16 12   9.3   0.0   4.8   7     7    1    0
---------------------------------------------
      1446.9   0.0 208.8  May  123   42    7

                                Wind Speed (m/s)
                          Dom
 YR MO   Avg.  Hi   Date  Dir
------------------------------
 16  1   0.2  10.0   26     N
 16  2   0.2   8.0    7    NW
 16  3  41.0  80.0    8     N
 16  4   0.0  77.0   14    SW
 16  5   5.4  27.0   22     N
 16  6   0.0  55.0   17   NNE
 16  7   0.0  54.0   31    NE
 16  8   0.0   6.0    8     N
 16  9   0.0   8.0   27   WSW
 16 10   0.0   5.0   10    NE
 16 11   0.0   7.0   20    NE
 16 12   0.1   8.0   23   SSW
------------------------------
         3.9  80.0  Mar     N