89.5FM RADIO

Sorry this site have a flash based native radio and needed adobe flash 10+ support.
Download Flash here.

NOAA-Style Climate Reports

Select a Year or Month report
2018: Jan Feb Mar Apr May Jun Jul Aug Sep Oct Nov Dec
2017: Jan Feb Mar Apr May Jun Jul Aug Sep Oct Nov Dec
2016: Jan Feb Mar Apr May Jun Jul Aug Sep Oct Nov Dec
2015: Jan Feb Mar Apr May Jun Jul Aug Sep Oct Nov Dec

Report for 2015 December
                   Monthly Climatological Summary for Dec 2015

Name: Oslo weather   City: Oslo   State: Vika
Elevation: 8 m  Lat: N 59 00 00   Lon: E 010 00 00

                  Temperature (°C), Rain (mm), Wind Speed (m/s)

                                      Heat  Cool        Avg
    Mean                              Deg   Deg         Wind                 Dom
Day Temp  High   Time   Low    Time   Days  Days  Rain  Speed High   Time    Dir
----------------------------------------------------------------------------------
01   4.4  13.9   11:58   0.9   07:26  13.9   0.0   0.0   0.0   0.0   00:00     N
02   3.2   5.2   20:38   1.5   09:33  15.0   0.0   0.6   0.0   0.0   00:00     N
03   2.7   2.9   23:29   0.0   21:12   2.1   0.0   0.0   0.0   0.0   21:12     N
04   4.6   7.5   08:57   2.4   00:33  13.7   0.0  22.2   0.0   0.0   00:00     N
05   9.7  11.4   12:05   5.7   00:00   8.5   0.0   0.0   0.0   0.0   00:00     N
06   9.5  11.3   06:39   6.6   22:35   8.8   0.0   0.0   0.0   0.0   00:00     N
07   6.6  17.7   11:56   0.0   05:00  11.6   0.0 148.2   0.0   0.0   00:00     N
08   6.1   9.4   18:36   2.2   00:16  12.2   0.0   0.3   0.0   0.0   00:00     N
09   8.3  15.2   11:59   5.9   18:14   9.9   0.0   0.3   0.0   0.0   00:04     N
10   8.5  10.5   13:59   4.6   23:46   9.6   0.0   0.0   1.0   0.0   00:04   NNE
11   3.0   8.7   13:28   0.4   21:51  15.3   0.0   0.3  ----   0.0   00:00     N
12   1.4  10.6   12:02  -0.8   08:37  16.8   0.0   0.0  ----   0.0   00:01     N
13   0.3   6.4   12:13  -2.8   23:00  18.0   0.0   0.0  ----   0.0   00:00     N
14  -3.7  -2.0   00:19  -5.3   23:42  22.0   0.0   0.0  ----   0.0   00:00     N
15  -4.0   3.3   13:27  -5.9   05:39  22.3   0.0   0.3  ----   0.0   00:00     N
16   0.2   5.1   18:39  -4.5   02:15  18.1   0.0 102.6  ----   8.0   18:34     N
17   1.4   2.6   20:35   0.0   00:00  16.9   0.0   2.7  ----   0.0   00:00     N
18   4.0   7.0   21:07   1.6   00:07  14.3   0.0   0.3  ----   0.0   00:00     N
19   6.7   9.3   22:18   5.6   00:00  11.6   0.0   0.0  ----   0.0   00:00     N
21   7.3   8.4   15:37   0.0   18:13   3.8   0.0   0.3  ----   0.0   18:13     N
22   6.2   8.4   19:15   0.0   00:00  12.1   0.0   1.5  ----   0.0   00:00     N
23   5.5   8.6   13:20   0.0   00:00  12.7   0.0   0.3  ----   0.0   00:00     N
24   7.5   9.0   12:36   0.0   00:00  10.8   0.0   0.3  ----   0.0   00:00     N
25   6.0   8.8   00:00   0.0   00:00  12.3   0.0   0.3  ----   0.0   00:00     N
26   1.2   7.5   12:17  -3.4   23:46  17.1   0.0   0.0  ----   0.0   00:00     N
27  -2.1   0.0   00:00  -3.5   00:11  20.3   0.0   0.0  ----   5.0   15:47   NNE
28  -0.1   0.8   12:07  -1.9   00:00  18.4   0.0   0.0  ----   4.0   00:28    NE
29   0.6   1.4   21:24   0.0   05:08  17.7   0.0   0.0  ----   6.0   08:50    NE
30   2.4   3.9   20:15   1.0   04:33  15.9   0.0   1.8  ----   7.0   17:52   NNE
31   2.1   3.2   01:41   1.3   07:15  16.1   0.0   0.6  ----   6.0   07:45   NNE
----------------------------------------------------------------------------------
     3.7  17.7     7    -5.9    15   417.8   0.0 282.9   0.1   8.0    16     NNE

Max >=  27.0  0
Max <=   0.0  2
Min <=   0.0 17
Min <= -18.0  0
Max Rain: 148.2 on day 7
Days of Rain: 17 (>= 0.2 mm)  4 (>= 2.0 mm)  3 (>= 20.0 mm)
Heat Base: 18.3  Cool Base: 18.3  Method: Integration