89.5FM RADIO

Sorry this site have a flash based native radio and needed adobe flash 10+ support.
Download Flash here.

NOAA-Style Climate Reports

Select a Year or Month report
2018: Jan Feb Mar Apr May Jun Jul Aug Sep Oct Nov Dec
2017: Jan Feb Mar Apr May Jun Jul Aug Sep Oct Nov Dec
2016: Jan Feb Mar Apr May Jun Jul Aug Sep Oct Nov Dec
2015: Jan Feb Mar Apr May Jun Jul Aug Sep Oct Nov Dec

Report for 2015 November
                   Monthly Climatological Summary for Nov 2015

Name: Oslo weather   City: Oslo   State: Vika
Elevation: 8 m  Lat: N 59 00 00   Lon: E 010 00 00

                  Temperature (°C), Rain (mm), Wind Speed (m/s)

                                      Heat  Cool        Avg
    Mean                              Deg   Deg         Wind                 Dom
Day Temp  High   Time   Low    Time   Days  Days  Rain  Speed High   Time    Dir
----------------------------------------------------------------------------------
01   9.7  10.8   18:35   0.0   21:12   2.0   0.0   0.0   0.0   0.0   21:12     N
02   9.4  19.5   13:49   6.4   07:08  10.2   0.0   0.0   0.0   0.0   00:00     N
03  10.3  10.7   16:42   0.0   21:12   2.7   0.0   0.6   0.0   0.0   21:12     N
04   6.8  10.1   02:10   5.4   23:12  11.5   0.0   0.0   0.0   0.0   00:00     N
05   6.1   7.3   23:31   5.2   01:53  12.2   0.0   2.7   0.0   0.0   00:00     N
06   8.5  10.1   23:58   7.3   00:00   9.8   0.0   0.0   0.0   0.0   00:00     N
07  11.5  20.6   12:59   9.8   23:46   6.8   0.0   0.0   0.0   0.0   00:00     N
08   9.0  15.9   12:47   6.0   08:19   9.3   0.0   0.0   0.0   0.0   00:00     N
09   8.7  10.3   04:44   6.5   22:48   9.6   0.0   0.3   0.0   0.0   00:00     N
10   7.1  13.7   14:29   4.0   23:05  11.2   0.0   0.0   0.0   0.0   00:00     N
11   5.8  14.3   13:41   2.6   06:46  12.5   0.0   0.0   0.0   0.0   00:00     N
12   7.2  15.9   13:16   4.4   23:14  11.8   0.0   0.0   0.0   0.0   00:00     N
13   8.8  17.2   12:28   4.3   00:16   9.5   0.0   6.0   0.0   0.0   00:00     N
15   2.0   2.6   21:20   0.0   21:12   1.8   0.0   0.0   0.0   0.0   21:12     N
16   2.6   4.7   16:28   0.0   05:00  15.7   0.0   0.0   0.0   0.0   00:00     N
17   3.8   8.0   11:51   1.6   01:07  14.4   0.0   0.6   0.0   0.0   00:00     N
18   2.9   8.1   15:01   0.0   21:12   8.0   0.0   0.0   0.0   0.0   21:12     N
19   2.1   3.4   14:40   0.5   23:23  16.2   0.0   0.0   0.0   0.0   00:00     N
20   0.9  11.0   13:27  -2.0   23:58  17.4   0.0   0.0  ----   0.0   00:00     N
21  -0.6   0.5   13:09  -2.0   00:00  18.9   0.0   0.0  ----   0.0   00:00     N
22  -0.4  11.7   12:36  -3.3   08:44  18.7   0.0   0.0  ----   0.0   00:00     N
23  -1.3   6.9   13:26  -4.0   05:07  19.6   0.0   0.0  ----   0.0   00:00     N
24   2.9   5.2   16:55  -0.5   00:07  15.3   0.0   2.4  ----   0.0   00:00     N
25   3.4   4.6   01:19   1.2   23:30  14.9   0.0   0.3  ----   0.0   00:00     N
26   2.0   8.2   12:33  -1.0   09:14  16.3   0.0   0.0  ----   0.0   00:00     N
27   9.2  13.7   13:30   4.1   00:55   9.1   0.0   0.0  ----   0.0   00:00     N
28   6.7  13.2   13:30   3.8   19:19  11.6   0.0 102.6  ----   0.0   00:00     N
29   5.2   7.5   14:23   2.2   23:33  13.1   0.0  20.1  ----   0.0   00:00     N
30   3.6  12.7   12:52   0.0   05:41  14.7   0.0   0.0  ----   0.0   00:00     N
----------------------------------------------------------------------------------
     5.3  20.6     7    -4.0    23   344.8   0.0 135.6   0.0   0.0     0       E

Max >=  27.0  0
Max <=   0.0  0
Min <=   0.0 12
Min <= -18.0  0
Max Rain: 102.6 on day 28
Days of Rain: 9 (>= 0.2 mm)  5 (>= 2.0 mm)  2 (>= 20.0 mm)
Heat Base: 18.3  Cool Base: 18.3  Method: Integration