89.5FM RADIO

Sorry this site have a flash based native radio and needed adobe flash 10+ support.
Download Flash here.

NOAA-Style Climate Reports

Select a Year or Month report
2018: Jan Feb Mar Apr May Jun Jul Aug Sep Oct Nov Dec
2017: Jan Feb Mar Apr May Jun Jul Aug Sep Oct Nov Dec
2016: Jan Feb Mar Apr May Jun Jul Aug Sep Oct Nov Dec
2015: Jan Feb Mar Apr May Jun Jul Aug Sep Oct Nov Dec

Report for 2015 October
                   Monthly Climatological Summary for Oct 2015

Name: Oslo weather   City: Oslo   State: Vika
Elevation: 8 m  Lat: N 59 00 00   Lon: E 010 00 00

                  Temperature (°C), Rain (mm), Wind Speed (m/s)

                                      Heat  Cool        Avg
    Mean                              Deg   Deg         Wind                 Dom
Day Temp  High   Time   Low    Time   Days  Days  Rain  Speed High   Time    Dir
----------------------------------------------------------------------------------
02  15.5  20.6   10:38  10.2   23:58   2.1   0.0   0.0   0.0   0.0   00:00     N
03  14.6  20.0   15:48   9.7   01:46   2.6   0.0   0.0  ----   0.0   00:00     N
04  13.1  21.3   15:51  10.1   07:24   5.2   0.0   0.0  ----   0.0   00:00     N
05  13.4  22.1   15:17   9.8   03:51   5.0   0.1   0.0  ----   0.0   00:00     N
06  11.7  13.6   13:36   9.9   08:18   6.6   0.0   0.0  ----   0.0   00:00     N
07  10.5  12.6   13:46   7.4   08:19   7.8   0.0   0.0  ----   0.0   00:00     N
08  10.5  13.2   14:14   8.6   05:22   7.8   0.0   0.0  ----   0.0   00:00     N
09  10.7  11.8   13:20   9.6   08:29   7.6   0.0   0.0  ----   0.0   00:00     N
10  12.6  19.4   15:35   0.0   03:00   2.7   0.0   0.0  ----   0.0   03:00     N
11  11.9  15.2   13:14  10.7   07:39   6.4   0.0   0.0  ----   0.0   00:00     N
12  11.4  17.1   15:23   9.9   08:11   6.9   0.0   0.0  ----   0.0   00:00     N
13  10.5  19.6   15:31   0.0   14:52   4.3   0.0   0.0  ----   0.0   14:52     N
14   6.4   6.9   22:29   0.0   14:52   0.7   0.0   0.0  ----   0.0   14:52     N
15   7.6  19.3   15:28   3.0   05:47  10.7   0.0   0.0  ----   0.0   00:00     N
16   6.1  13.3   15:25   0.0   05:01  12.2   0.0   0.0  ----   0.0   00:00     N
17   6.3  17.8   15:27   2.6   08:13  12.0   0.0   0.0  ----   0.0   00:00     N
19   8.3  17.5   15:28   0.0   14:52   6.6   0.0   0.0  ----   0.0   14:52     N
20   7.8   9.1   15:19   6.5   23:53  10.5   0.0   0.0  ----   0.0   00:00     N
21   8.2  11.9   23:42   5.7   05:32  10.1   0.0   0.3  ----   0.0   00:00     N
22  12.1  16.2   13:50   9.5   05:56   6.2   0.0   0.0  ----   0.0   00:00     N
23  12.3  16.5   13:42   7.7   23:12   6.0   0.0   0.0  ----   0.0   00:00     N
24   9.4  12.1   13:32   6.1   04:13   8.9   0.0   0.6  ----   0.0   00:00     N
25  10.1  15.2   13:48   0.0   05:00   8.1   0.0   0.0  ----   0.0   00:00     N
26   8.4  11.0   11:48   5.6   23:43   9.9   0.0   0.0  ----   0.0   00:00     N
27   7.1  11.6   14:36   3.8   07:34  11.2   0.0   0.0  ----   0.0   00:00     N
28   8.0   8.9   13:25   0.0   21:12   7.2   0.0   0.0  ----   0.0   21:12     N
29   7.9   9.1   12:23   6.9   04:11  10.4   0.0   0.0  ----   0.0   00:00     N
30   8.1   9.3   15:11   7.1   23:48  10.2   0.0   0.0  ----   0.0   00:00     N
31   9.6  11.7   11:15   6.8   00:45   8.7   0.0   0.0  ----   0.0   00:00     N
----------------------------------------------------------------------------------
    10.0  22.1     5     0.0    10   214.6   0.1   0.9   0.0   0.0     0       E

Max >=  27.0  0
Max <=   0.0  0
Min <=   0.0  7
Min <= -18.0  0
Max Rain: 0.6 on day 24
Days of Rain: 2 (>= 0.2 mm)  0 (>= 2.0 mm)  0 (>= 20.0 mm)
Heat Base: 18.3  Cool Base: 18.3  Method: Integration