89.5FM RADIO

Sorry this site have a flash based native radio and needed adobe flash 10+ support.
Download Flash here.

NOAA-Style Climate Reports

Select a Year or Month report
2018: Jan Feb Mar Apr May Jun Jul Aug Sep Oct Nov Dec
2017: Jan Feb Mar Apr May Jun Jul Aug Sep Oct Nov Dec
2016: Jan Feb Mar Apr May Jun Jul Aug Sep Oct Nov Dec
2015: Jan Feb Mar Apr May Jun Jul Aug Sep Oct Nov Dec

Report for 2015 September
                   Monthly Climatological Summary for Sep 2015

Name: Vika   City: Oslo   State: oslo
Elevation: 8 m  Lat: N 59° 32' 03"   Lon: E 010° 41' 26"

                  Temperature (°C), Rain (mm), Wind Speed (m/s)

                                      Heat  Cool        Avg
    Mean                              Deg   Deg         Wind                 Dom
Day Temp  High   Time   Low    Time   Days  Days  Rain  Speed High   Time    Dir
----------------------------------------------------------------------------------
 1  16.9  18.4   01:31  14.7   23:33   1.4   0.0   3.9   0.0   2.0   23:24     W
 2  15.5  19.0   15:24  13.3   08:18   2.9   0.0  17.4   0.1   3.0   14:13     N
 3  16.5  20.9   12:05  13.4   01:49   2.1   0.3   9.6   0.2   3.0   10:16   WNW
 4  16.1  25.1   16:53  12.4   07:27   2.6   0.4   0.0   0.5   3.0   17:41   WSW
 5  15.6  17.8   16:32  13.8   11:59   2.7   0.0   0.9   0.4   2.0   13:56     W
 6  16.5  27.0   16:56  12.1   06:33   2.6   0.8   0.0   0.6   2.0   04:25     W
 7  16.1  23.9   16:35  10.1   06:05   3.1   0.9   0.0   0.2   2.0   12:57   WSW
 8  18.4  26.3   17:00  13.7   04:07   1.6   1.7   0.0   0.2   3.0   15:48   WSW
 9  17.8  26.0   16:55  12.6   07:16   1.8   1.3   0.0   0.3   2.0   11:52   WSW
10  18.1  24.7   16:53  12.8   06:23   1.7   1.6   0.0   0.2   2.0   12:59   WSW
11  18.3  27.2   16:53  14.5   05:56   1.4   1.4   0.0   0.4   4.0   13:32   NNE
12  15.6  17.2   14:23  13.9   07:54   2.7   0.0   0.0   0.4   5.0   22:31   NNW
----------------------------------------------------------------------------------
    16.8  27.2    11    10.1     7    26.6   8.4  31.8   0.3   5.0    12       W

Max >=  27.0:  2
Max <=   0.0:  0
Min <=   0.0:  0
Min <= -18.0:  0
Max Rain: 17.4 on day 2
Days of Rain: 4 (>= 0.2 mm)  3 (>= 2.0 mm)  0 (>= 20.0 mm)
Heat Base: 18.3  Cool Base: 18.3  Method: Integration